{"id":625,"date":"2025-01-28T19:03:20","date_gmt":"2025-01-28T19:03:20","guid":{"rendered":"https:\/\/catedra.us.es\/catedraautismo\/?page_id=625"},"modified":"2025-01-28T19:18:43","modified_gmt":"2025-01-28T19:18:43","slug":"autismo-espana","status":"publish","type":"page","link":"https:\/\/catedra.us.es\/catedraautismo\/autismo-espana\/","title":{"rendered":"Autismo Espa\u00f1a"},"content":{"rendered":"\n<p><\/p>\n\n\n<div class=\"wp-block-image\">\n<figure class=\"alignleft size-full is-resized\"><img loading=\"lazy\" src=\"https:\/\/catedra.us.es\/catedraautismo\/wp-content\/uploads\/2025\/01\/image-6.png\" alt=\"\" class=\"wp-image-641\" width=\"287\" height=\"95\" srcset=\"https:\/\/catedra.us.es\/catedraautismo\/wp-content\/uploads\/2025\/01\/image-6.png 567w, https:\/\/catedra.us.es\/catedraautismo\/wp-content\/uploads\/2025\/01\/image-6-300x100.png 300w\" sizes=\"(max-width: 287px) 100vw, 287px\" \/><\/figure><\/div>\n\n\n<p>Confederaci\u00f3n de \u00e1mbito estatal, reconocida como Entidad de Utilidad P\u00fablica por el Ministerio del Interior. Trabajamos para apoyar a las personas con Trastorno del Espectro del Autismo (TEA) y sus familias, promoviendo la defensa y el ejercicio efectivo de sus derechos. Su objetivo principal es mejorar su calidad de vida y garantizar la igualdad de oportunidades. <\/p>\n\n\n\n<p><\/p>\n\n\n\n<p>La Confederaci\u00f3n Autismo Espa\u00f1a representa a 192 entidades en todo el territorio nacional, que brindan apoyos y servicios especializados adaptados a las necesidades de las personas autistas y sus familias.<br><br>M\u00e1s informaci\u00f3n en <a href=\"https:\/\/autismo.org.es\/\" data-type=\"URL\" data-id=\"https:\/\/autismo.org.es\/\" target=\"_blank\" rel=\"noreferrer noopener\">www.autismo.org.es<\/a><\/p>\n","protected":false},"excerpt":{"rendered":"<p>Confederaci\u00f3n de \u00e1mbito estatal, reconocida como Entidad de Utilidad P\u00fablica por el Ministerio del Interior. Trabajamos para apoyar a las personas con Trastorno del Espectro del Autismo (TEA) y sus familias, promoviendo la defensa y el ejercicio efectivo de sus derechos. Su objetivo principal es mejorar su calidad de vida y garantizar la igualdad de [&hellip;]<\/p>\n","protected":false},"author":2,"featured_media":0,"parent":0,"menu_order":0,"comment_status":"closed","ping_status":"closed","template":"","meta":[],"_links":{"self":[{"href":"https:\/\/catedra.us.es\/catedraautismo\/wp-json\/wp\/v2\/pages\/625"}],"collection":[{"href":"https:\/\/catedra.us.es\/catedraautismo\/wp-json\/wp\/v2\/pages"}],"about":[{"href":"https:\/\/catedra.us.es\/catedraautismo\/wp-json\/wp\/v2\/types\/page"}],"author":[{"embeddable":true,"href":"https:\/\/catedra.us.es\/catedraautismo\/wp-json\/wp\/v2\/users\/2"}],"replies":[{"embeddable":true,"href":"https:\/\/catedra.us.es\/catedraautismo\/wp-json\/wp\/v2\/comments?post=625"}],"version-history":[{"count":8,"href":"https:\/\/catedra.us.es\/catedraautismo\/wp-json\/wp\/v2\/pages\/625\/revisions"}],"predecessor-version":[{"id":644,"href":"https:\/\/catedra.us.es\/catedraautismo\/wp-json\/wp\/v2\/pages\/625\/revisions\/644"}],"wp:attachment":[{"href":"https:\/\/catedra.us.es\/catedraautismo\/wp-json\/wp\/v2\/media?parent=625"}],"curies":[{"name":"wp","href":"https:\/\/api.w.org\/{rel}","templated":true}]}}