{"id":635,"date":"2025-01-28T19:13:18","date_gmt":"2025-01-28T19:13:18","guid":{"rendered":"https:\/\/catedra.us.es\/catedraautismo\/?page_id=635"},"modified":"2025-11-03T10:19:53","modified_gmt":"2025-11-03T10:19:53","slug":"fundaacion-konecta","status":"publish","type":"page","link":"https:\/\/catedra.us.es\/catedraautismo\/fundaacion-konecta\/","title":{"rendered":"Konecta Foundation"},"content":{"rendered":"\n<p>Konecta Foundation fue creada por Konecta en 2005 para canalizar su acci\u00f3n social y promover proyectos de alto impacto social y empresarial.<\/p>\n\n\n<div class=\"wp-block-image\">\n<figure class=\"alignleft size-large is-resized\"><img loading=\"lazy\" src=\"https:\/\/catedra.us.es\/catedraautismo\/wp-content\/uploads\/2025\/11\/KonectaFOUNDATION_Logo_RGB_Blue-1024x456.png\" alt=\"\" class=\"wp-image-903\" width=\"260\" height=\"116\" srcset=\"https:\/\/catedra.us.es\/catedraautismo\/wp-content\/uploads\/2025\/11\/KonectaFOUNDATION_Logo_RGB_Blue-1024x456.png 1024w, https:\/\/catedra.us.es\/catedraautismo\/wp-content\/uploads\/2025\/11\/KonectaFOUNDATION_Logo_RGB_Blue-300x134.png 300w, https:\/\/catedra.us.es\/catedraautismo\/wp-content\/uploads\/2025\/11\/KonectaFOUNDATION_Logo_RGB_Blue-768x342.png 768w, https:\/\/catedra.us.es\/catedraautismo\/wp-content\/uploads\/2025\/11\/KonectaFOUNDATION_Logo_RGB_Blue-1536x684.png 1536w, https:\/\/catedra.us.es\/catedraautismo\/wp-content\/uploads\/2025\/11\/KonectaFOUNDATION_Logo_RGB_Blue-2048x912.png 2048w\" sizes=\"(max-width: 260px) 100vw, 260px\" \/><\/figure><\/div>\n\n\n<p>Promueve y ejecuta distintas iniciativas de sensibilizaci\u00f3n, formaci\u00f3n, estudios e investigaciones en colaboraci\u00f3n con otras empresas, organizaciones sociales y Administraciones p\u00fablicas. Su objeto social es apoyar, formar e insertar profesionalmente a personas en riesgo de exclusi\u00f3n social, en los pa\u00edses donde Konecta est\u00e1 presente.\u00a0Todos los proyectos est\u00e1n alineados a sus 4 l\u00edneas de actuaci\u00f3n:<\/p>\n\n\n\n<p><\/p>\n\n\n\n<p><\/p>\n\n\n\n<ul><li><strong>Formaci\u00f3n y empleo:<\/strong><\/li><\/ul>\n\n\n\n<p>Dise\u00f1a y ejecuta programas formativos para personas con discapacidad y otros colectivos en riesgo alineados a la estrategia de RSC de las empresas.<\/p>\n\n\n\n<ul><li><strong>Investigaci\u00f3n y Universidad:<\/strong><\/li><\/ul>\n\n\n\n<p>Apoyo a proyectos de I+D, que contribuyan a la eliminaci\u00f3n de barreras f\u00edsicas, sociales y tecnol\u00f3gicas y la igualdad de oportunidades.<\/p>\n\n\n\n<ul><li><strong>Voluntariado:<\/strong><\/li><\/ul>\n\n\n\n<p>Apoyo con su conocimiento, tiempo y solidaridad a proyectos sociales.<\/p>\n\n\n\n<ul><li><strong>Desarrollo Social: Cultura y Deporte<\/strong>:<\/li><\/ul>\n\n\n\n<p>Apoyo al desarrollo de habilidades sociales y de comunicaci\u00f3n.<\/p>\n\n\n\n<p><\/p>\n\n\n\n<p>M\u00e1s informaci\u00f3n\u00a0<a href=\"https:\/\/www.konectafoundation.org\/es\/\" target=\"_blank\" rel=\"noreferrer noopener\">https:\/\/www.konectafoundation.org\/es\/<\/a><\/p>\n","protected":false},"excerpt":{"rendered":"<p>Konecta Foundation fue creada por Konecta en 2005 para canalizar su acci\u00f3n social y promover proyectos de alto impacto social y empresarial. Promueve y ejecuta distintas iniciativas de sensibilizaci\u00f3n, formaci\u00f3n, estudios e investigaciones en colaboraci\u00f3n con otras empresas, organizaciones sociales y Administraciones p\u00fablicas. Su objeto social es apoyar, formar e insertar profesionalmente a personas en [&hellip;]<\/p>\n","protected":false},"author":2,"featured_media":0,"parent":0,"menu_order":0,"comment_status":"closed","ping_status":"closed","template":"","meta":[],"_links":{"self":[{"href":"https:\/\/catedra.us.es\/catedraautismo\/wp-json\/wp\/v2\/pages\/635"}],"collection":[{"href":"https:\/\/catedra.us.es\/catedraautismo\/wp-json\/wp\/v2\/pages"}],"about":[{"href":"https:\/\/catedra.us.es\/catedraautismo\/wp-json\/wp\/v2\/types\/page"}],"author":[{"embeddable":true,"href":"https:\/\/catedra.us.es\/catedraautismo\/wp-json\/wp\/v2\/users\/2"}],"replies":[{"embeddable":true,"href":"https:\/\/catedra.us.es\/catedraautismo\/wp-json\/wp\/v2\/comments?post=635"}],"version-history":[{"count":5,"href":"https:\/\/catedra.us.es\/catedraautismo\/wp-json\/wp\/v2\/pages\/635\/revisions"}],"predecessor-version":[{"id":904,"href":"https:\/\/catedra.us.es\/catedraautismo\/wp-json\/wp\/v2\/pages\/635\/revisions\/904"}],"wp:attachment":[{"href":"https:\/\/catedra.us.es\/catedraautismo\/wp-json\/wp\/v2\/media?parent=635"}],"curies":[{"name":"wp","href":"https:\/\/api.w.org\/{rel}","templated":true}]}}

<p>Konecta Foundation fue creada por Konecta en 2005 para canalizar su acción social y promover proyectos de alto impacto social y empresarial.</p>


<div class="wp-block-image">
<figure class="alignleft size-large is-resized"><img loading="lazy" src="https://catedra.us.es/catedraautismo/wp-content/uploads/2025/11/KonectaFOUNDATION_Logo_RGB_Blue-1024x456.png" alt="" class="wp-image-903" width="260" height="116" srcset="https://catedra.us.es/catedraautismo/wp-content/uploads/2025/11/KonectaFOUNDATION_Logo_RGB_Blue-1024x456.png 1024w, https://catedra.us.es/catedraautismo/wp-content/uploads/2025/11/KonectaFOUNDATION_Logo_RGB_Blue-300x134.png 300w, https://catedra.us.es/catedraautismo/wp-content/uploads/2025/11/KonectaFOUNDATION_Logo_RGB_Blue-768x342.png 768w, https://catedra.us.es/catedraautismo/wp-content/uploads/2025/11/KonectaFOUNDATION_Logo_RGB_Blue-1536x684.png 1536w, https://catedra.us.es/catedraautismo/wp-content/uploads/2025/11/KonectaFOUNDATION_Logo_RGB_Blue-2048x912.png 2048w" sizes="(max-width: 260px) 100vw, 260px" /></figure></div>


<p>Promueve y ejecuta distintas iniciativas de sensibilización, formación, estudios e investigaciones en colaboración con otras empresas, organizaciones sociales y Administraciones públicas. Su objeto social es apoyar, formar e insertar profesionalmente a personas en riesgo de exclusión social, en los países donde Konecta está presente. Todos los proyectos están alineados a sus 4 líneas de actuación:</p>



<p></p>



<p></p>



<ul><li><strong>Formación y empleo:</strong></li></ul>



<p>Diseña y ejecuta programas formativos para personas con discapacidad y otros colectivos en riesgo alineados a la estrategia de RSC de las empresas.</p>



<ul><li><strong>Investigación y Universidad:</strong></li></ul>



<p>Apoyo a proyectos de I+D, que contribuyan a la eliminación de barreras físicas, sociales y tecnológicas y la igualdad de oportunidades.</p>



<ul><li><strong>Voluntariado:</strong></li></ul>



<p>Apoyo con su conocimiento, tiempo y solidaridad a proyectos sociales.</p>



<ul><li><strong>Desarrollo Social: Cultura y Deporte</strong>:</li></ul>



<p>Apoyo al desarrollo de habilidades sociales y de comunicación.</p>



<p></p>



<p>Más información <a href="https://www.konectafoundation.org/es/" target="_blank" rel="noreferrer noopener">https://www.konectafoundation.org/es/</a></p>

<p>Konecta Foundation fue creada por Konecta en 2005 para canalizar su acción social y promover proyectos de alto impacto social y empresarial. Promueve y ejecuta distintas iniciativas de sensibilización, formación, estudios e investigaciones en colaboración con otras empresas, organizaciones sociales y Administraciones públicas. Su objeto social es apoyar, formar e insertar profesionalmente a personas en [&hellip;]</p>
