{"id":649,"date":"2025-01-28T19:23:21","date_gmt":"2025-01-28T19:23:21","guid":{"rendered":"https:\/\/catedra.us.es\/catedraautismo\/?page_id=649"},"modified":"2025-01-28T19:25:12","modified_gmt":"2025-01-28T19:25:12","slug":"beefesa","status":"publish","type":"page","link":"https:\/\/catedra.us.es\/catedraautismo\/beefesa\/","title":{"rendered":"Befesa"},"content":{"rendered":"<div class=\"wp-block-image\">\n<figure class=\"alignleft size-full\"><img loading=\"lazy\" width=\"245\" height=\"80\" src=\"https:\/\/catedra.us.es\/catedraautismo\/wp-content\/uploads\/2025\/01\/image-8.png\" alt=\"\" class=\"wp-image-651\"\/><\/figure><\/div>\n\n\n<p>Befesa es un actor importante dentro de la econom\u00eda circular, proporcionando servicios medioambientales a la industria del acero y del aluminio, con plantas en Alemania, Espa\u00f1a, Suecia y Francia, adem\u00e1s de Turqu\u00eda, Corea del Sur y China.<\/p>\n\n\n\n<p><\/p>\n\n\n\n<p>A trav\u00e9s de sus dos unidades de negocio, servicios de reciclaje de polvo de acer\u00eda (Steel Dust Services) y servicios de reciclaje de escorias salinas de aluminio (Aluminium Salt Slags Services), Befesa gestiona y recicla alrededor de 1,5 millones de toneladas de residuos anualmente, con una producci\u00f3n de alrededor de 1,3 millones de toneladas de nuevos materiales, que Befesa reintroduce en el mercado, reduciendo as\u00ed el consumo de recursos naturales.<\/p>\n\n\n\n<p><\/p>\n\n\n\n<p>M\u00e1s informaci\u00f3n en&nbsp;<a href=\"https:\/\/www.befesa.com\/\" target=\"_blank\" rel=\"noreferrer noopener\">www.befesa.com<\/a><\/p>\n","protected":false},"excerpt":{"rendered":"<p>Befesa es un actor importante dentro de la econom\u00eda circular, proporcionando servicios medioambientales a la industria del acero y del aluminio, con plantas en Alemania, Espa\u00f1a, Suecia y Francia, adem\u00e1s de Turqu\u00eda, Corea del Sur y China. A trav\u00e9s de sus dos unidades de negocio, servicios de reciclaje de polvo de acer\u00eda (Steel Dust Services) [&hellip;]<\/p>\n","protected":false},"author":2,"featured_media":0,"parent":0,"menu_order":0,"comment_status":"closed","ping_status":"closed","template":"","meta":[],"_links":{"self":[{"href":"https:\/\/catedra.us.es\/catedraautismo\/wp-json\/wp\/v2\/pages\/649"}],"collection":[{"href":"https:\/\/catedra.us.es\/catedraautismo\/wp-json\/wp\/v2\/pages"}],"about":[{"href":"https:\/\/catedra.us.es\/catedraautismo\/wp-json\/wp\/v2\/types\/page"}],"author":[{"embeddable":true,"href":"https:\/\/catedra.us.es\/catedraautismo\/wp-json\/wp\/v2\/users\/2"}],"replies":[{"embeddable":true,"href":"https:\/\/catedra.us.es\/catedraautismo\/wp-json\/wp\/v2\/comments?post=649"}],"version-history":[{"count":2,"href":"https:\/\/catedra.us.es\/catedraautismo\/wp-json\/wp\/v2\/pages\/649\/revisions"}],"predecessor-version":[{"id":655,"href":"https:\/\/catedra.us.es\/catedraautismo\/wp-json\/wp\/v2\/pages\/649\/revisions\/655"}],"wp:attachment":[{"href":"https:\/\/catedra.us.es\/catedraautismo\/wp-json\/wp\/v2\/media?parent=649"}],"curies":[{"name":"wp","href":"https:\/\/api.w.org\/{rel}","templated":true}]}}

<div class="wp-block-image">
<figure class="alignleft size-full"><img loading="lazy" width="245" height="80" src="https://catedra.us.es/catedraautismo/wp-content/uploads/2025/01/image-8.png" alt="" class="wp-image-651"/></figure></div>


<p>Befesa es un actor importante dentro de la economía circular, proporcionando servicios medioambientales a la industria del acero y del aluminio, con plantas en Alemania, España, Suecia y Francia, además de Turquía, Corea del Sur y China.</p>



<p></p>



<p>A través de sus dos unidades de negocio, servicios de reciclaje de polvo de acería (Steel Dust Services) y servicios de reciclaje de escorias salinas de aluminio (Aluminium Salt Slags Services), Befesa gestiona y recicla alrededor de 1,5 millones de toneladas de residuos anualmente, con una producción de alrededor de 1,3 millones de toneladas de nuevos materiales, que Befesa reintroduce en el mercado, reduciendo así el consumo de recursos naturales.</p>



<p></p>



<p>Más información en&nbsp;<a href="https://www.befesa.com/" target="_blank" rel="noreferrer noopener">www.befesa.com</a></p>

<p>Befesa es un actor importante dentro de la economía circular, proporcionando servicios medioambientales a la industria del acero y del aluminio, con plantas en Alemania, España, Suecia y Francia, además de Turquía, Corea del Sur y China. A través de sus dos unidades de negocio, servicios de reciclaje de polvo de acería (Steel Dust Services) [&hellip;]</p>
