{"id":699,"date":"2025-02-08T19:46:30","date_gmt":"2025-02-08T19:46:30","guid":{"rendered":"https:\/\/catedra.us.es\/catedraautismo\/?page_id=699"},"modified":"2026-02-06T09:15:37","modified_gmt":"2026-02-06T09:15:37","slug":"centros-de-educacion-secundaria","status":"publish","type":"page","link":"https:\/\/catedra.us.es\/catedraautismo\/centros-de-educacion-secundaria\/","title":{"rendered":"Centros de Educaci\u00f3n Secundaria"},"content":{"rendered":"\n<p>Desarrollamos actividades de sensibilizaci\u00f3n en centros de educaci\u00f3n secundaria bajo el programa <strong>\u201cHablemos de autismo\u201d<\/strong>, dirigidas a alumnado de institutos que solicitan estas acciones divulgativas.<\/p>\n\n\n\n<p>Estas sesiones est\u00e1n dise\u00f1adas para acercar el conocimiento sobre el autismo a adolescentes de forma clara, participativa y reflexiva, promoviendo una cultura de respeto y comprensi\u00f3n de la diversidad.<\/p>\n\n\n\n<p>Durante las actividades se trabajan contenidos como:<\/p>\n\n\n\n<ul><li>Qu\u00e9 es el autismo y c\u00f3mo se manifiesta<\/li><li>Diversidad de perfiles y formas de experimentar el mundo<\/li><li>Barreras sociales y educativas frecuentes<\/li><li>Convivencia, respeto y apoyo entre iguales<\/li><li>La teor\u00eda de la doble empat\u00eda y la comprensi\u00f3n mutua<\/li><li>Desmontaje de mitos y estereotipos<\/li><\/ul>\n\n\n\n<p>Estas acciones incorporan la participaci\u00f3n de <strong>personas autistas<\/strong>, que comparten su experiencia en primera persona, generando un impacto especialmente significativo en el alumnado.<\/p>\n\n\n\n<p>Las actividades tienen una alta acogida entre estudiantes y profesorado y constituyen una herramienta clave para promover actitudes inclusivas desde etapas tempranas.<br><br><\/p>\n\n\n<div class=\"wp-block-image\">\n<figure class=\"aligncenter size-large is-resized\"><img loading=\"lazy\" src=\"https:\/\/catedra.us.es\/catedraautismo\/wp-content\/uploads\/2024\/11\/2-1024x1024.jpg\" alt=\"\" class=\"wp-image-557\" width=\"407\" height=\"407\" srcset=\"https:\/\/catedra.us.es\/catedraautismo\/wp-content\/uploads\/2024\/11\/2-1024x1024.jpg 1024w, https:\/\/catedra.us.es\/catedraautismo\/wp-content\/uploads\/2024\/11\/2-300x300.jpg 300w, https:\/\/catedra.us.es\/catedraautismo\/wp-content\/uploads\/2024\/11\/2-150x150.jpg 150w, https:\/\/catedra.us.es\/catedraautismo\/wp-content\/uploads\/2024\/11\/2-768x768.jpg 768w, https:\/\/catedra.us.es\/catedraautismo\/wp-content\/uploads\/2024\/11\/2-1536x1536.jpg 1536w, https:\/\/catedra.us.es\/catedraautismo\/wp-content\/uploads\/2024\/11\/2.jpg 2048w\" sizes=\"(max-width: 407px) 100vw, 407px\" \/><\/figure><\/div>","protected":false},"excerpt":{"rendered":"<p>Desarrollamos actividades de sensibilizaci\u00f3n en centros de educaci\u00f3n secundaria bajo el programa \u201cHablemos de autismo\u201d, dirigidas a alumnado de institutos que solicitan estas acciones divulgativas. Estas sesiones est\u00e1n dise\u00f1adas para acercar el conocimiento sobre el autismo a adolescentes de forma clara, participativa y reflexiva, promoviendo una cultura de respeto y comprensi\u00f3n de la diversidad. Durante [&hellip;]<\/p>\n","protected":false},"author":2,"featured_media":0,"parent":0,"menu_order":0,"comment_status":"closed","ping_status":"closed","template":"","meta":[],"_links":{"self":[{"href":"https:\/\/catedra.us.es\/catedraautismo\/wp-json\/wp\/v2\/pages\/699"}],"collection":[{"href":"https:\/\/catedra.us.es\/catedraautismo\/wp-json\/wp\/v2\/pages"}],"about":[{"href":"https:\/\/catedra.us.es\/catedraautismo\/wp-json\/wp\/v2\/types\/page"}],"author":[{"embeddable":true,"href":"https:\/\/catedra.us.es\/catedraautismo\/wp-json\/wp\/v2\/users\/2"}],"replies":[{"embeddable":true,"href":"https:\/\/catedra.us.es\/catedraautismo\/wp-json\/wp\/v2\/comments?post=699"}],"version-history":[{"count":3,"href":"https:\/\/catedra.us.es\/catedraautismo\/wp-json\/wp\/v2\/pages\/699\/revisions"}],"predecessor-version":[{"id":959,"href":"https:\/\/catedra.us.es\/catedraautismo\/wp-json\/wp\/v2\/pages\/699\/revisions\/959"}],"wp:attachment":[{"href":"https:\/\/catedra.us.es\/catedraautismo\/wp-json\/wp\/v2\/media?parent=699"}],"curies":[{"name":"wp","href":"https:\/\/api.w.org\/{rel}","templated":true}]}}