{"id":701,"date":"2025-02-08T19:46:47","date_gmt":"2025-02-08T19:46:47","guid":{"rendered":"https:\/\/catedra.us.es\/catedraautismo\/?page_id=701"},"modified":"2026-02-06T09:11:55","modified_gmt":"2026-02-06T09:11:55","slug":"universidad","status":"publish","type":"page","link":"https:\/\/catedra.us.es\/catedraautismo\/universidad\/","title":{"rendered":"A la comunidad Universitaria"},"content":{"rendered":"\n<h2>Mesas informativas y acciones divulgativas<\/h2>\n\n\n\n<p>Realizamos actividades de sensibilizaci\u00f3n dirigidas al conjunto de la <strong>comunidad universitaria<\/strong>, con el objetivo de acercar el conocimiento sobre el autismo y promover una cultura universitaria m\u00e1s inclusiva.<\/p>\n\n\n\n<p>Entre estas acciones destacan las <strong>mesas informativas y puntos divulgativos en facultades y centros universitarios<\/strong>, donde estudiantes, profesorado y personal t\u00e9cnico pueden acceder a informaci\u00f3n clara y accesible sobre:<\/p>\n\n\n\n<ul><li>Qu\u00e9 es el autismo<\/li><li>Necesidades y fortalezas del alumnado autista<\/li><li>Apoyos disponibles en la universidad<\/li><li>Buenas pr\u00e1cticas de convivencia acad\u00e9mica<\/li><li>Recursos y programas de apoyo existentes<\/li><li>L\u00edneas de trabajo y proyectos desarrollados por la C\u00e1tedra de Autismo de la Universidad de Sevilla<\/li><\/ul>\n\n\n\n<p>Estos espacios fomentan el di\u00e1logo directo, la resoluci\u00f3n de dudas y el acceso a materiales divulgativos, contribuyendo a ampliar el conocimiento y la conciencia inclusiva dentro del entorno universitario.<\/p>\n\n\n\n<p>A trav\u00e9s de estas iniciativas reforzamos nuestro compromiso con la divulgaci\u00f3n rigurosa y la construcci\u00f3n de una universidad informada, accesible y respetuosa con la neurodiversidad.<\/p>\n\n\n\n<p><\/p>\n\n\n\n<p><\/p>\n","protected":false},"excerpt":{"rendered":"<p>Mesas informativas y acciones divulgativas Realizamos actividades de sensibilizaci\u00f3n dirigidas al conjunto de la comunidad universitaria, con el objetivo de acercar el conocimiento sobre el autismo y promover una cultura universitaria m\u00e1s inclusiva. Entre estas acciones destacan las mesas informativas y puntos divulgativos en facultades y centros universitarios, donde estudiantes, profesorado y personal t\u00e9cnico pueden [&hellip;]<\/p>\n","protected":false},"author":2,"featured_media":0,"parent":0,"menu_order":0,"comment_status":"closed","ping_status":"closed","template":"","meta":[],"_links":{"self":[{"href":"https:\/\/catedra.us.es\/catedraautismo\/wp-json\/wp\/v2\/pages\/701"}],"collection":[{"href":"https:\/\/catedra.us.es\/catedraautismo\/wp-json\/wp\/v2\/pages"}],"about":[{"href":"https:\/\/catedra.us.es\/catedraautismo\/wp-json\/wp\/v2\/types\/page"}],"author":[{"embeddable":true,"href":"https:\/\/catedra.us.es\/catedraautismo\/wp-json\/wp\/v2\/users\/2"}],"replies":[{"embeddable":true,"href":"https:\/\/catedra.us.es\/catedraautismo\/wp-json\/wp\/v2\/comments?post=701"}],"version-history":[{"count":3,"href":"https:\/\/catedra.us.es\/catedraautismo\/wp-json\/wp\/v2\/pages\/701\/revisions"}],"predecessor-version":[{"id":957,"href":"https:\/\/catedra.us.es\/catedraautismo\/wp-json\/wp\/v2\/pages\/701\/revisions\/957"}],"wp:attachment":[{"href":"https:\/\/catedra.us.es\/catedraautismo\/wp-json\/wp\/v2\/media?parent=701"}],"curies":[{"name":"wp","href":"https:\/\/api.w.org\/{rel}","templated":true}]}}

<h2>Mesas informativas y acciones divulgativas</h2>



<p>Realizamos actividades de sensibilización dirigidas al conjunto de la <strong>comunidad universitaria</strong>, con el objetivo de acercar el conocimiento sobre el autismo y promover una cultura universitaria más inclusiva.</p>



<p>Entre estas acciones destacan las <strong>mesas informativas y puntos divulgativos en facultades y centros universitarios</strong>, donde estudiantes, profesorado y personal técnico pueden acceder a información clara y accesible sobre:</p>



<ul><li>Qué es el autismo</li><li>Necesidades y fortalezas del alumnado autista</li><li>Apoyos disponibles en la universidad</li><li>Buenas prácticas de convivencia académica</li><li>Recursos y programas de apoyo existentes</li><li>Líneas de trabajo y proyectos desarrollados por la Cátedra de Autismo de la Universidad de Sevilla</li></ul>



<p>Estos espacios fomentan el diálogo directo, la resolución de dudas y el acceso a materiales divulgativos, contribuyendo a ampliar el conocimiento y la conciencia inclusiva dentro del entorno universitario.</p>



<p>A través de estas iniciativas reforzamos nuestro compromiso con la divulgación rigurosa y la construcción de una universidad informada, accesible y respetuosa con la neurodiversidad.</p>



<p></p>



<p></p>

<p>Mesas informativas y acciones divulgativas Realizamos actividades de sensibilización dirigidas al conjunto de la comunidad universitaria, con el objetivo de acercar el conocimiento sobre el autismo y promover una cultura universitaria más inclusiva. Entre estas acciones destacan las mesas informativas y puntos divulgativos en facultades y centros universitarios, donde estudiantes, profesorado y personal técnico pueden [&hellip;]</p>
