{"id":815,"date":"2025-05-03T19:33:55","date_gmt":"2025-05-03T19:33:55","guid":{"rendered":"https:\/\/catedra.us.es\/catedraautismo\/?page_id=815"},"modified":"2025-05-03T19:33:56","modified_gmt":"2025-05-03T19:33:56","slug":"inclusion-laboral","status":"publish","type":"page","link":"https:\/\/catedra.us.es\/catedraautismo\/inclusion-laboral\/","title":{"rendered":"Inclusi\u00f3n Laboral"},"content":{"rendered":"\n<figure class=\"wp-block-image size-large is-resized\"><img loading=\"lazy\" src=\"https:\/\/catedra.us.es\/catedraautismo\/wp-content\/uploads\/2025\/05\/Inclusion-Laboral-1024x536.jpg\" alt=\"\" class=\"wp-image-816\" width=\"501\" height=\"262\" srcset=\"https:\/\/catedra.us.es\/catedraautismo\/wp-content\/uploads\/2025\/05\/Inclusion-Laboral-1024x536.jpg 1024w, https:\/\/catedra.us.es\/catedraautismo\/wp-content\/uploads\/2025\/05\/Inclusion-Laboral-300x157.jpg 300w, https:\/\/catedra.us.es\/catedraautismo\/wp-content\/uploads\/2025\/05\/Inclusion-Laboral-768x402.jpg 768w, https:\/\/catedra.us.es\/catedraautismo\/wp-content\/uploads\/2025\/05\/Inclusion-Laboral.jpg 1200w\" sizes=\"(max-width: 501px) 100vw, 501px\" \/><\/figure>\n\n\n\n<p>A menudo nos encontramos con personas autistas exitosas en el mundo laboral. Las series nos muestran a personajes como Shaun Murphy, de <em>The Good Doctor<\/em>. La persona m\u00e1s rica del mundo, seg\u00fan algunas fuentes, es autista. Pero, desafortunadamente, el \u00e9xito laboral no es la t\u00f3nica m\u00e1s frecuente para las personas autistas en nuestra sociedad.&nbsp;<\/p>\n\n\n\n<p>Autismo Europa estima que entre el 76\u202f% y el 90\u202f% de las personas adultas autistas est\u00e1n desempleadas y no desarrollan ninguna actividad laboral o productiva, lo que convierte a este colectivo en el que presenta la tasa de desempleo m\u00e1s alta dentro de la discapacidad [1]. Este dato es coherente con lo que reflejan estudios internacionales en Reino Unido o los Estados Unidos, donde se habla de tasas de empleo de entre el 14\u202f% y el 20\u202f% en personas autistas [2][3].&nbsp;<\/p>\n\n\n\n<p>\u202f&nbsp;<\/p>\n\n\n\n<h2><strong>\u00bfPor qu\u00e9 hay tanto desempleo autista?<\/strong>&nbsp;<\/h2>\n\n\n\n<p>Las barreras que dificultan el acceso y mantenimiento del empleo para las personas autistas son m\u00faltiples. Algunas son compartidas con otros colectivos con discapacidad, como la inaccesibilidad del entorno o la falta de apoyos. Sin embargo, muchas otras son espec\u00edficas del autismo: dificultades en la comunicaci\u00f3n social, entornos sensorialmente sobrecargados o entrevistas que valoran habilidades sociales m\u00e1s que competencias t\u00e9cnicas [3][4][5].&nbsp;<\/p>\n\n\n\n<p>Esto resulta especialmente parad\u00f3jico si consideramos que muchas personas autistas destacan por habilidades muy apreciadas en el mundo laboral, como la atenci\u00f3n al detalle, la honestidad, la perseverancia o el pensamiento l\u00f3gico [4][5].&nbsp;<\/p>\n\n\n\n<p>\u202f&nbsp;<\/p>\n\n\n\n<h2><strong>El antes, el durante y el despu\u00e9s<\/strong>&nbsp;<\/h2>\n\n\n\n<p>Los obst\u00e1culos no se concentran solo en el momento de acceder a un puesto de trabajo. La inclusi\u00f3n laboral debe abordarse como un proceso que atraviesa <strong>todo el ciclo del empleo<\/strong>: antes, durante y despu\u00e9s [4].&nbsp;<\/p>\n\n\n<div class=\"wp-block-image\">\n<figure class=\"alignleft size-full is-resized\"><img loading=\"lazy\" src=\"https:\/\/catedra.us.es\/catedraautismo\/wp-content\/uploads\/2025\/05\/empleo-1.png\" alt=\"\" class=\"wp-image-817\" width=\"161\" height=\"164\"\/><\/figure><\/div>\n\n\n<p>Desde la transici\u00f3n entre el sistema educativo y el mundo laboral, las personas autistas se enfrentan a una oferta laboral muy limitada y a procesos de selecci\u00f3n poco accesibles. A menudo desconocen las reglas no escritas del mercado de trabajo o enfrentan entornos que dificultan su desempe\u00f1o desde el primer d\u00eda [6].\u00a0<\/p>\n\n\n\n<p>Una vez dentro del empleo, los desaf\u00edos contin\u00faan. La falta de adaptaciones razonables, la ambig\u00fcedad en las tareas, la sobrecarga sensorial o la incomprensi\u00f3n de compa\u00f1eros y supervisores generan entornos poco sostenibles. Estudios recientes muestran que muchas personas autistas pierden el empleo no por un bajo rendimiento, sino por dificultades en la interacci\u00f3n social o por entornos laborales inflexibles [2][3][5].&nbsp;<\/p>\n\n\n\n<p>Finalmente, los propios procesos de promoci\u00f3n y de apoyo en el empleo son escasos y poco adaptados a la realidad de la persona autista, consider\u00e1ndose a menudo que es suficiente con que simplemente tenga un trabajo.&nbsp;<\/p>\n\n\n\n<p>\u202f&nbsp;<\/p>\n\n\n\n<h2><strong>Los apoyos en el empleo inclusivo<\/strong>&nbsp;<\/h2>\n\n\n\n<p>Son muchas las actuaciones que se desarrollan para favorecer el empleo inclusivo para las personas autistas:&nbsp;<\/p>\n\n\n\n<p><strong>Antes de la incorporaci\u00f3n al trabajo:<\/strong>&nbsp;<\/p>\n\n\n\n<ul><li>Sensibilizar a las empresas y formar a los departamentos de recursos humanos sobre la aportaci\u00f3n que podr\u00edan suponer las personas autistas y c\u00f3mo optimizar su contribuci\u00f3n y proporcionar apoyos adecuados.&nbsp;<\/li><\/ul>\n\n\n\n<ul><li>Desarrollar programas de transici\u00f3n desde la escuela o la universidad que formen en habilidades \u201cblandas\u201d o transversales, como el trabajo en equipo, la autoorganizaci\u00f3n, la resoluci\u00f3n de problemas y las relaciones sociales.&nbsp;<\/li><\/ul>\n\n\n\n<ul><li>Entrenar espec\u00edficamente en habilidades sociales necesarias para contextos espec\u00edficos como los laborales y las entrevistas de selecci\u00f3n de personal.&nbsp;<\/li><\/ul>\n\n\n\n<ul><li>Acompa\u00f1ar en la b\u00fasqueda y la elecci\u00f3n de oportunidades laborales.&nbsp;<\/li><\/ul>\n\n\n\n<p><strong>Durante la incorporaci\u00f3n:<\/strong> aqu\u00ed es esencial la labor de las entidades de apoyo a personas autistas y los preparadores y mediadores laborales que trabajan desde las mismas.&nbsp;<\/p>\n\n\n\n<ul><li>Realizar adaptaciones f\u00edsicas en el puesto de trabajo, como las que reducen los niveles de ruido, ajustan iluminaci\u00f3n o crean espacios tranquilos.&nbsp;<\/li><\/ul>\n\n\n\n<ul><li>Entrenar al personal supervisor en estrategias comunicativas, como la claridad en instrucciones, rutinas y al proporcionar <em>feedback<\/em>.&nbsp;<\/li><\/ul>\n\n\n\n<ul><li>Formar a compa\u00f1eros y compa\u00f1eras en el puesto de trabajo sobre el autismo, as\u00ed como encontrar personas tutoras o mentoras.&nbsp;<\/li><\/ul>\n\n\n\n<p><strong>A lo largo del tiempo<\/strong>, una vez realizada la incorporaci\u00f3n, es esencial un apoyo continuado \u2014que puede ir reduci\u00e9ndose con el tiempo\u2014, un seguimiento individualizado y, sobre todo, mantener una cultura de trabajo en la que la diversidad sea valorada y todas las personas tengan oportunidades de promoci\u00f3n y desarrollo profesional.&nbsp;<\/p>\n\n\n\n<p>\u202f&nbsp;<\/p>\n\n\n\n<h2><strong>\u00bfFunciona todo esto?<\/strong>&nbsp;<\/h2>\n\n\n\n<p>Los testimonios de las propias personas autistas indican que los programas de empleo con apoyo les son \u00fatiles en t\u00e9rminos generales y les ayudan a superar los obst\u00e1culos que ellos y ellas refieren. Las personas autistas entrevistadas en estudios recientes destacan [3][5][7]:&nbsp;<\/p>\n\n\n\n<ul><li>La importancia de sentirse comprendidas.&nbsp;<\/li><\/ul>\n\n\n\n<ul><li>El valor de tener un trabajo alineado con sus intereses.&nbsp;<\/li><\/ul>\n\n\n\n<ul><li>La necesidad de que las adaptaciones no dependan de la \u201cbuena voluntad\u201d de los equipos, sino que est\u00e9n integradas en la estructura de la organizaci\u00f3n.<\/li><\/ul>\n\n\n\n<figure class=\"wp-block-image\"><img\/><\/figure>\n\n\n\n<p>Ahora bien, es tambi\u00e9n cierto que la investigaci\u00f3n rigurosa escasea. En la revisi\u00f3n sistem\u00e1tica m\u00e1s actualizada que hemos encontrado [2], solo se identificaron tres estudios con grupos control que evaluaran de forma detallada el impacto de las intervenciones. Uno de los m\u00e1s prometedores fue <strong>Project SEARCH<\/strong>, que demostr\u00f3 mejoras significativas en las tasas de contrataci\u00f3n, sostenibilidad en el empleo y satisfacci\u00f3n laboral de las personas autistas que participaron.\u00a0<\/p>\n\n\n\n<p>Es por ello fundamental desarrollar estudios m\u00e1s completos, detallados y extensos que permitan determinar cu\u00e1les son los ingredientes m\u00e1s relevantes y eficaces para la inclusi\u00f3n laboral. Los futuros trabajos deber\u00edan reunir algunas de las siguientes caracter\u00edsticas:&nbsp;<\/p>\n\n\n\n<ol><li><strong>Ampliar el foco<\/strong>: muchas intervenciones se centran solo en la persona autista. Es necesario intervenir tambi\u00e9n en el contexto laboral y en los equipos de trabajo y valorar el impacto que dichas intervenciones tienen.&nbsp;<\/li><\/ol>\n\n\n\n<ol start=\"2\"><li><strong>Integrar los modelos te\u00f3ricos y de estudio de recursos humanos con los del autismo<\/strong>: tradicionalmente, los enfoques de estudio de las organizaciones empresariales y del trabajo y la investigaci\u00f3n sobre autismo han seguido trayectorias separadas [4].&nbsp;<\/li><\/ol>\n\n\n\n<ol start=\"3\"><li><strong>Incluir las voces autistas<\/strong>: no se puede dise\u00f1ar inclusi\u00f3n sin contar con quienes la viven. La co-creaci\u00f3n de programas es clave [3].&nbsp;<\/li><\/ol>\n\n\n\n<ol start=\"4\"><li><strong>Investigar a largo plazo<\/strong>: necesitamos estudios que midan los efectos sostenidos en el tiempo, no solo la contrataci\u00f3n inicial.&nbsp;<\/li><\/ol>\n\n\n\n<p>\u202f&nbsp;<\/p>\n\n\n\n<h2><strong>Conclusi\u00f3n<\/strong>&nbsp;<\/h2>\n\n\n\n<p>La inclusi\u00f3n laboral de personas autistas no se logra solo con buenas intenciones. Requiere transformaciones en las pr\u00e1cticas de selecci\u00f3n, el dise\u00f1o de los puestos y la cultura organizacional. Se trata de pasar de una l\u00f3gica de \u201cacomodaci\u00f3n\u201d a una de aut\u00e9ntica <strong>accesibilidad cognitiva y cultural<\/strong>.&nbsp;<\/p>\n\n\n\n<h2>\u202f&nbsp;<\/h2>\n\n\n\n<h2><strong>Referencias<\/strong>\u00a0<\/h2>\n\n\n\n<p>[1] Autismo Espa\u00f1a. (2018). <em>Empleo y Trastorno del Espectro del Autismo: Un potencial por descubrir<\/em>.&nbsp;<\/p>\n\n\n\n<p>[2] Fong, C. J., et al. (2021). Interventions for improving employment outcomes for persons with autism spectrum disorders: A systematic review update. <em>Campbell Systematic Reviews<\/em>, 17:e1185. <a href=\"https:\/\/doi.org\/10.1002\/cl2.1185\" target=\"_blank\" rel=\"noreferrer noopener\">https:\/\/doi.org\/10.1002\/cl2.1185<\/a>&nbsp;<\/p>\n\n\n\n<p>[3] Southey, S., et al. (2024). Autistic perspectives on employment: A scoping review. <em>Journal of Occupational Rehabilitation<\/em>, 34, 756\u2013769. <a href=\"https:\/\/doi.org\/10.1007\/s10926-023-10163-x\" target=\"_blank\" rel=\"noreferrer noopener\">https:\/\/doi.org\/10.1007\/s10926-023-10163-x<\/a>&nbsp;<\/p>\n\n\n\n<p>[4] Ezerins, M. E., et al. (2023). Autism and employment: A review of the \u201cnew frontier\u201d of diversity research. <em>Journal of Management<\/em>, 50(3), 1102\u20131144. <a href=\"https:\/\/doi.org\/10.1177\/01492063231193362\" target=\"_blank\" rel=\"noreferrer noopener\">https:\/\/doi.org\/10.1177\/01492063231193362<\/a>&nbsp;<\/p>\n\n\n\n<p>[5] Som360. (2023). <em>Dificultades de las personas autistas en el \u00e1mbito laboral<\/em>. <a href=\"https:\/\/www.som360.org\/es\/articulo\/dificultades-personas-autistas-ambito-laboral\" target=\"_blank\" rel=\"noreferrer noopener\">https:\/\/www.som360.org\/es\/articulo\/dificultades-personas-autistas-ambito-laboral<\/a>&nbsp;<\/p>\n\n\n\n<p>[6] Vincent, J., &amp; Ralston, K. (2023). Uncovering employment outcomes for autistic university graduates in the United Kingdom: An analysis of population data. <em>Autism<\/em>, 28(3), 732\u2013743. <a href=\"https:\/\/doi.org\/10.1177\/13623613231182756\" target=\"_blank\" rel=\"noreferrer noopener\">https:\/\/doi.org\/10.1177\/13623613231182756<\/a>&nbsp;<\/p>\n\n\n\n<p>[7] Autismo Espa\u00f1a. (2023). <em>Las personas con autismo son el colectivo de la discapacidad con la tasa m\u00e1s alta de desempleo<\/em>. <a href=\"https:\/\/autismo.org.es\/actualidad\/noticias\/las-personas-con-autismo-son-el-colectivo-de-la-discapacidad-con-la-tasa-mas\/\" target=\"_blank\" rel=\"noreferrer noopener\">https:\/\/autismo.org.es\/actualidad\/noticias\/las-personas-con-autismo-son-el-colectivo-de-la-discapacidad-con-la-tasa-mas\/<\/a>&nbsp;<\/p>\n","protected":false},"excerpt":{"rendered":"<p>A menudo nos encontramos con personas autistas exitosas en el mundo laboral. Las series nos muestran a personajes como Shaun Murphy, de The Good Doctor. La persona m\u00e1s rica del mundo, seg\u00fan algunas fuentes, es autista. Pero, desafortunadamente, el \u00e9xito laboral no es la t\u00f3nica m\u00e1s frecuente para las personas autistas en nuestra sociedad.&nbsp; Autismo [&hellip;]<\/p>\n","protected":false},"author":2,"featured_media":0,"parent":0,"menu_order":0,"comment_status":"closed","ping_status":"closed","template":"","meta":[],"_links":{"self":[{"href":"https:\/\/catedra.us.es\/catedraautismo\/wp-json\/wp\/v2\/pages\/815"}],"collection":[{"href":"https:\/\/catedra.us.es\/catedraautismo\/wp-json\/wp\/v2\/pages"}],"about":[{"href":"https:\/\/catedra.us.es\/catedraautismo\/wp-json\/wp\/v2\/types\/page"}],"author":[{"embeddable":true,"href":"https:\/\/catedra.us.es\/catedraautismo\/wp-json\/wp\/v2\/users\/2"}],"replies":[{"embeddable":true,"href":"https:\/\/catedra.us.es\/catedraautismo\/wp-json\/wp\/v2\/comments?post=815"}],"version-history":[{"count":2,"href":"https:\/\/catedra.us.es\/catedraautismo\/wp-json\/wp\/v2\/pages\/815\/revisions"}],"predecessor-version":[{"id":819,"href":"https:\/\/catedra.us.es\/catedraautismo\/wp-json\/wp\/v2\/pages\/815\/revisions\/819"}],"wp:attachment":[{"href":"https:\/\/catedra.us.es\/catedraautismo\/wp-json\/wp\/v2\/media?parent=815"}],"curies":[{"name":"wp","href":"https:\/\/api.w.org\/{rel}","templated":true}]}}

Inclusión Laboral

<figure class="wp-block-image size-large is-resized"><img loading="lazy" src="https://catedra.us.es/catedraautismo/wp-content/uploads/2025/05/Inclusion-Laboral-1024x536.jpg" alt="" class="wp-image-816" width="501" height="262" srcset="https://catedra.us.es/catedraautismo/wp-content/uploads/2025/05/Inclusion-Laboral-1024x536.jpg 1024w, https://catedra.us.es/catedraautismo/wp-content/uploads/2025/05/Inclusion-Laboral-300x157.jpg 300w, https://catedra.us.es/catedraautismo/wp-content/uploads/2025/05/Inclusion-Laboral-768x402.jpg 768w, https://catedra.us.es/catedraautismo/wp-content/uploads/2025/05/Inclusion-Laboral.jpg 1200w" sizes="(max-width: 501px) 100vw, 501px" /></figure>



<p>A menudo nos encontramos con personas autistas exitosas en el mundo laboral. Las series nos muestran a personajes como Shaun Murphy, de <em>The Good Doctor</em>. La persona más rica del mundo, según algunas fuentes, es autista. Pero, desafortunadamente, el éxito laboral no es la tónica más frecuente para las personas autistas en nuestra sociedad.&nbsp;</p>



<p>Autismo Europa estima que entre el 76 % y el 90 % de las personas adultas autistas están desempleadas y no desarrollan ninguna actividad laboral o productiva, lo que convierte a este colectivo en el que presenta la tasa de desempleo más alta dentro de la discapacidad [1]. Este dato es coherente con lo que reflejan estudios internacionales en Reino Unido o los Estados Unidos, donde se habla de tasas de empleo de entre el 14 % y el 20 % en personas autistas [2][3].&nbsp;</p>



<p> &nbsp;</p>



<h2><strong>¿Por qué hay tanto desempleo autista?</strong>&nbsp;</h2>



<p>Las barreras que dificultan el acceso y mantenimiento del empleo para las personas autistas son múltiples. Algunas son compartidas con otros colectivos con discapacidad, como la inaccesibilidad del entorno o la falta de apoyos. Sin embargo, muchas otras son específicas del autismo: dificultades en la comunicación social, entornos sensorialmente sobrecargados o entrevistas que valoran habilidades sociales más que competencias técnicas [3][4][5].&nbsp;</p>



<p>Esto resulta especialmente paradójico si consideramos que muchas personas autistas destacan por habilidades muy apreciadas en el mundo laboral, como la atención al detalle, la honestidad, la perseverancia o el pensamiento lógico [4][5].&nbsp;</p>



<p> &nbsp;</p>



<h2><strong>El antes, el durante y el después</strong>&nbsp;</h2>



<p>Los obstáculos no se concentran solo en el momento de acceder a un puesto de trabajo. La inclusión laboral debe abordarse como un proceso que atraviesa <strong>todo el ciclo del empleo</strong>: antes, durante y después [4].&nbsp;</p>


<div class="wp-block-image">
<figure class="alignleft size-full is-resized"><img loading="lazy" src="https://catedra.us.es/catedraautismo/wp-content/uploads/2025/05/empleo-1.png" alt="" class="wp-image-817" width="161" height="164"/></figure></div>


<p>Desde la transición entre el sistema educativo y el mundo laboral, las personas autistas se enfrentan a una oferta laboral muy limitada y a procesos de selección poco accesibles. A menudo desconocen las reglas no escritas del mercado de trabajo o enfrentan entornos que dificultan su desempeño desde el primer día [6]. </p>



<p>Una vez dentro del empleo, los desafíos continúan. La falta de adaptaciones razonables, la ambigüedad en las tareas, la sobrecarga sensorial o la incomprensión de compañeros y supervisores generan entornos poco sostenibles. Estudios recientes muestran que muchas personas autistas pierden el empleo no por un bajo rendimiento, sino por dificultades en la interacción social o por entornos laborales inflexibles [2][3][5].&nbsp;</p>



<p>Finalmente, los propios procesos de promoción y de apoyo en el empleo son escasos y poco adaptados a la realidad de la persona autista, considerándose a menudo que es suficiente con que simplemente tenga un trabajo.&nbsp;</p>



<p> &nbsp;</p>



<h2><strong>Los apoyos en el empleo inclusivo</strong>&nbsp;</h2>



<p>Son muchas las actuaciones que se desarrollan para favorecer el empleo inclusivo para las personas autistas:&nbsp;</p>



<p><strong>Antes de la incorporación al trabajo:</strong>&nbsp;</p>



<ul><li>Sensibilizar a las empresas y formar a los departamentos de recursos humanos sobre la aportación que podrían suponer las personas autistas y cómo optimizar su contribución y proporcionar apoyos adecuados.&nbsp;</li></ul>



<ul><li>Desarrollar programas de transición desde la escuela o la universidad que formen en habilidades “blandas” o transversales, como el trabajo en equipo, la autoorganización, la resolución de problemas y las relaciones sociales.&nbsp;</li></ul>



<ul><li>Entrenar específicamente en habilidades sociales necesarias para contextos específicos como los laborales y las entrevistas de selección de personal.&nbsp;</li></ul>



<ul><li>Acompañar en la búsqueda y la elección de oportunidades laborales.&nbsp;</li></ul>



<p><strong>Durante la incorporación:</strong> aquí es esencial la labor de las entidades de apoyo a personas autistas y los preparadores y mediadores laborales que trabajan desde las mismas.&nbsp;</p>



<ul><li>Realizar adaptaciones físicas en el puesto de trabajo, como las que reducen los niveles de ruido, ajustan iluminación o crean espacios tranquilos.&nbsp;</li></ul>



<ul><li>Entrenar al personal supervisor en estrategias comunicativas, como la claridad en instrucciones, rutinas y al proporcionar <em>feedback</em>.&nbsp;</li></ul>



<ul><li>Formar a compañeros y compañeras en el puesto de trabajo sobre el autismo, así como encontrar personas tutoras o mentoras.&nbsp;</li></ul>



<p><strong>A lo largo del tiempo</strong>, una vez realizada la incorporación, es esencial un apoyo continuado —que puede ir reduciéndose con el tiempo—, un seguimiento individualizado y, sobre todo, mantener una cultura de trabajo en la que la diversidad sea valorada y todas las personas tengan oportunidades de promoción y desarrollo profesional.&nbsp;</p>



<p> &nbsp;</p>



<h2><strong>¿Funciona todo esto?</strong>&nbsp;</h2>



<p>Los testimonios de las propias personas autistas indican que los programas de empleo con apoyo les son útiles en términos generales y les ayudan a superar los obstáculos que ellos y ellas refieren. Las personas autistas entrevistadas en estudios recientes destacan [3][5][7]:&nbsp;</p>



<ul><li>La importancia de sentirse comprendidas.&nbsp;</li></ul>



<ul><li>El valor de tener un trabajo alineado con sus intereses.&nbsp;</li></ul>



<ul><li>La necesidad de que las adaptaciones no dependan de la “buena voluntad” de los equipos, sino que estén integradas en la estructura de la organización.</li></ul>



<figure class="wp-block-image"><img/></figure>



<p>Ahora bien, es también cierto que la investigación rigurosa escasea. En la revisión sistemática más actualizada que hemos encontrado [2], solo se identificaron tres estudios con grupos control que evaluaran de forma detallada el impacto de las intervenciones. Uno de los más prometedores fue <strong>Project SEARCH</strong>, que demostró mejoras significativas en las tasas de contratación, sostenibilidad en el empleo y satisfacción laboral de las personas autistas que participaron. </p>



<p>Es por ello fundamental desarrollar estudios más completos, detallados y extensos que permitan determinar cuáles son los ingredientes más relevantes y eficaces para la inclusión laboral. Los futuros trabajos deberían reunir algunas de las siguientes características:&nbsp;</p>



<ol><li><strong>Ampliar el foco</strong>: muchas intervenciones se centran solo en la persona autista. Es necesario intervenir también en el contexto laboral y en los equipos de trabajo y valorar el impacto que dichas intervenciones tienen.&nbsp;</li></ol>



<ol start="2"><li><strong>Integrar los modelos teóricos y de estudio de recursos humanos con los del autismo</strong>: tradicionalmente, los enfoques de estudio de las organizaciones empresariales y del trabajo y la investigación sobre autismo han seguido trayectorias separadas [4].&nbsp;</li></ol>



<ol start="3"><li><strong>Incluir las voces autistas</strong>: no se puede diseñar inclusión sin contar con quienes la viven. La co-creación de programas es clave [3].&nbsp;</li></ol>



<ol start="4"><li><strong>Investigar a largo plazo</strong>: necesitamos estudios que midan los efectos sostenidos en el tiempo, no solo la contratación inicial.&nbsp;</li></ol>



<p> &nbsp;</p>



<h2><strong>Conclusión</strong>&nbsp;</h2>



<p>La inclusión laboral de personas autistas no se logra solo con buenas intenciones. Requiere transformaciones en las prácticas de selección, el diseño de los puestos y la cultura organizacional. Se trata de pasar de una lógica de “acomodación” a una de auténtica <strong>accesibilidad cognitiva y cultural</strong>.&nbsp;</p>



<h2> &nbsp;</h2>



<h2><strong>Referencias</strong> </h2>



<p>[1] Autismo España. (2018). <em>Empleo y Trastorno del Espectro del Autismo: Un potencial por descubrir</em>.&nbsp;</p>



<p>[2] Fong, C. J., et al. (2021). Interventions for improving employment outcomes for persons with autism spectrum disorders: A systematic review update. <em>Campbell Systematic Reviews</em>, 17:e1185. <a href="https://doi.org/10.1002/cl2.1185" target="_blank" rel="noreferrer noopener">https://doi.org/10.1002/cl2.1185</a>&nbsp;</p>



<p>[3] Southey, S., et al. (2024). Autistic perspectives on employment: A scoping review. <em>Journal of Occupational Rehabilitation</em>, 34, 756–769. <a href="https://doi.org/10.1007/s10926-023-10163-x" target="_blank" rel="noreferrer noopener">https://doi.org/10.1007/s10926-023-10163-x</a>&nbsp;</p>



<p>[4] Ezerins, M. E., et al. (2023). Autism and employment: A review of the “new frontier” of diversity research. <em>Journal of Management</em>, 50(3), 1102–1144. <a href="https://doi.org/10.1177/01492063231193362" target="_blank" rel="noreferrer noopener">https://doi.org/10.1177/01492063231193362</a>&nbsp;</p>



<p>[5] Som360. (2023). <em>Dificultades de las personas autistas en el ámbito laboral</em>. <a href="https://www.som360.org/es/articulo/dificultades-personas-autistas-ambito-laboral" target="_blank" rel="noreferrer noopener">https://www.som360.org/es/articulo/dificultades-personas-autistas-ambito-laboral</a>&nbsp;</p>



<p>[6] Vincent, J., &amp; Ralston, K. (2023). Uncovering employment outcomes for autistic university graduates in the United Kingdom: An analysis of population data. <em>Autism</em>, 28(3), 732–743. <a href="https://doi.org/10.1177/13623613231182756" target="_blank" rel="noreferrer noopener">https://doi.org/10.1177/13623613231182756</a>&nbsp;</p>



<p>[7] Autismo España. (2023). <em>Las personas con autismo son el colectivo de la discapacidad con la tasa más alta de desempleo</em>. <a href="https://autismo.org.es/actualidad/noticias/las-personas-con-autismo-son-el-colectivo-de-la-discapacidad-con-la-tasa-mas/" target="_blank" rel="noreferrer noopener">https://autismo.org.es/actualidad/noticias/las-personas-con-autismo-son-el-colectivo-de-la-discapacidad-con-la-tasa-mas/</a>&nbsp;</p>

<p>A menudo nos encontramos con personas autistas exitosas en el mundo laboral. Las series nos muestran a personajes como Shaun Murphy, de The Good Doctor. La persona más rica del mundo, según algunas fuentes, es autista. Pero, desafortunadamente, el éxito laboral no es la tónica más frecuente para las personas autistas en nuestra sociedad.&nbsp; Autismo [&hellip;]</p>
