{"id":576,"date":"2021-06-21T09:42:50","date_gmt":"2021-06-21T09:42:50","guid":{"rendered":"https:\/\/catedra.us.es\/catedracepsa\/?page_id=576"},"modified":"2021-06-24T11:05:56","modified_gmt":"2021-06-24T11:05:56","slug":"actividades","status":"publish","type":"page","link":"https:\/\/catedra.us.es\/catedracepsa\/actividades\/","title":{"rendered":"Actividades"},"content":{"rendered":"\n<section class=\"wp-block-uagb-section uagb-section__wrap uagb-section__background-image alignfull uagb-block-618d2055 altura613\"><div class=\"uagb-section__overlay\"><\/div><div class=\"uagb-section__inner-wrap\">\n<section class=\"wp-block-uagb-section uagb-section__wrap uagb-section__background-undefined uagb-block-abeb1c05\"><div class=\"uagb-section__overlay\"><\/div><div class=\"uagb-section__inner-wrap\">\n<h5 class=\"has-white-color has-text-color\" id=\"block-dabbf6bd-f93e-43ac-b1fa-42a2a40fdf2d\"><br>NUESTROS<\/h5>\n\n\n\n<h1 class=\"marginbottomsiete has-white-color has-text-color\" id=\"block-d0b938da-6cd4-4679-90f7-e43ab6e0198d\" style=\"font-size:60px\">Actividades<\/h1>\n\n\n\n<p class=\"has-white-color has-text-color\" id=\"block-3442a511-9c0d-4023-817a-51b29a6ec213\">Ap\u00fantate a nuestros cursos, seminarios, conferencias y actividades I+D. Los mejores docentes y profesionales a tu disposici\u00f3n, te proporcionar\u00e1n todas las herramientas para poder desarrollarte en el sector energ\u00e9tico.<\/p>\n\n\n\n<p><\/p>\n<\/div><\/section>\n<\/div><\/section>\n\n\n\n<section class=\"wp-block-uagb-section uagb-section__wrap uagb-section__background-undefined uagb-block-a5a19398\"><div class=\"uagb-section__overlay\"><\/div><div class=\"uagb-section__inner-wrap\">\n<h2 class=\"has-text-align-center has-black-color has-text-color\">DESARROLLA TU TALENTO CON NOSOTROS<\/h2>\n<\/div><\/section>\n\n\n\n<section class=\"wp-block-uagb-section uagb-section__wrap uagb-section__background-undefined uagb-block-80095ae7\"><div class=\"uagb-section__overlay\"><\/div><div class=\"uagb-section__inner-wrap\">\n<p class=\"has-text-align-center\">ACTIVIDADES FORMATIVAS<\/p>\n<\/div><\/section>\n\n\n\n<section class=\"wp-block-uagb-section uagb-section__wrap uagb-section__background-image uagb-block-2bf0bb80 height400 hoverseccion\"><div class=\"uagb-section__overlay\"><\/div><div class=\"uagb-section__inner-wrap\">\n<section class=\"wp-block-uagb-section uagb-section__wrap uagb-section__background-undefined uagb-block-d639f427\"><div class=\"uagb-section__overlay\"><\/div><div class=\"uagb-section__inner-wrap\">\n<h2 class=\"has-text-align-left has-white-color has-text-color\"><a href=\"https:\/\/catedra.us.es\/catedracepsa\/actividades\/actividades-id\/\">ACTIVIDADES I + D<\/a><\/h2>\n\n\n\n<p class=\"has-white-color has-text-color\"><a href=\"https:\/\/catedra.us.es\/catedracepsa\/actividades\/actividades-id\/\">Ver m\u00e1s &gt;<\/a><\/p>\n<\/div><\/section>\n<\/div><\/section>\n\n\n\n<section class=\"wp-block-uagb-section uagb-section__wrap uagb-section__background-undefined uagb-block-72d149e9\"><div class=\"uagb-section__overlay\"><\/div><div class=\"uagb-section__inner-wrap\">\n<div class=\"wp-block-columns\">\n<div class=\"wp-block-column\">\n<section class=\"wp-block-uagb-section uagb-section__wrap uagb-section__background-image uagb-block-232e94e0 height400 hoverseccion\"><div class=\"uagb-section__overlay\"><\/div><div class=\"uagb-section__inner-wrap\">\n<h2 class=\"linkseccion has-white-color has-text-color\"><a href=\"https:\/\/catedra.us.es\/catedracepsa\/actividades\/conferencias\/\">CONFERENCIAS<\/a><\/h2>\n\n\n\n<p class=\"has-white-color has-text-color\"><a href=\"https:\/\/catedra.us.es\/catedracepsa\/actividades\/conferencias\/\">Ver m\u00e1s &gt;<\/a><\/p>\n<\/div><\/section>\n<\/div>\n\n\n\n<div class=\"wp-block-column\">\n<section class=\"wp-block-uagb-section uagb-section__wrap uagb-section__background-image uagb-block-51d61c12 height400 hoverseccion\"><div class=\"uagb-section__overlay\"><\/div><div class=\"uagb-section__inner-wrap\">\n<h2 class=\"has-white-color has-text-color\"><a href=\"https:\/\/catedra.us.es\/catedracepsa\/actividades\/cursos-y-seminarios\/\">CURSOS Y SEMINARIOS<\/a><\/h2>\n\n\n\n<p class=\"has-white-color has-text-color\"><a href=\"https:\/\/catedra.us.es\/catedracepsa\/actividades\/cursos-y-seminarios\/\">Ver m\u00e1s &gt;<\/a><\/p>\n<\/div><\/section>\n<\/div>\n<\/div>\n<\/div><\/section>\n\n\n\n<section class=\"wp-block-uagb-section uagb-section__wrap uagb-section__background-image uagb-block-1d265fb2 height400\"><div class=\"uagb-section__overlay\"><\/div><div class=\"uagb-section__inner-wrap\">\n<section class=\"wp-block-uagb-section uagb-section__wrap uagb-section__background-undefined uagb-block-c7d5efb8\"><div class=\"uagb-section__overlay\"><\/div><div class=\"uagb-section__inner-wrap\">\n<p class=\"has-text-align-center has-white-color has-text-color\"><strong>ESPECIALIZADOS EN ESTUDIOS ORIENTADOS A:<\/strong><\/p>\n\n\n\n<section class=\"wp-block-uagb-columns uagb-columns__wrap uagb-columns__background-undefined uagb-columns__stack-none uagb-columns__valign-undefined uagb-columns__gap-0 alignundefined uagb-block-1b917951\"><div class=\"uagb-columns__overlay\"><\/div><div class=\"uagb-columns__inner-wrap uagb-columns__columns-2\">\n<div class=\"wp-block-uagb-column uagb-column__wrap uagb-column__background-undefined uagb-block-6d250a8a\"><div class=\"uagb-column__overlay\"><\/div><div class=\"uagb-column__inner-wrap\">\n<section class=\"wp-block-uagb-section uagb-section__wrap uagb-section__background-undefined uagb-block-915ed5c0\"><div class=\"uagb-section__overlay\"><\/div><div class=\"uagb-section__inner-wrap\">\n<div class=\"wp-block-image\"><figure class=\"aligncenter size-large is-resized\"><img loading=\"lazy\" src=\"https:\/\/catedra.us.es\/catedracepsa\/wp-content\/uploads\/2021\/06\/iconb_05-062f9ad27122a7608c0143f3d00557e8-7aa25d.png\" alt=\"iconb_05-062f9ad27122a7608c0143f3d00557e8-7aa25d\" class=\"wp-image-330\" width=\"107\" height=\"107\" srcset=\"https:\/\/catedra.us.es\/catedracepsa\/wp-content\/uploads\/2021\/06\/iconb_05-062f9ad27122a7608c0143f3d00557e8-7aa25d.png 428w, https:\/\/catedra.us.es\/catedracepsa\/wp-content\/uploads\/2021\/06\/iconb_05-062f9ad27122a7608c0143f3d00557e8-7aa25d-300x300.png 300w, https:\/\/catedra.us.es\/catedracepsa\/wp-content\/uploads\/2021\/06\/iconb_05-062f9ad27122a7608c0143f3d00557e8-7aa25d-150x150.png 150w\" sizes=\"(max-width: 107px) 100vw, 107px\" \/><\/figure><\/div>\n\n\n\n<p class=\"has-text-align-center has-white-color has-text-color\"><strong>Los procesos de producci\u00f3n y uso de combustibles<\/strong><\/p>\n<\/div><\/section>\n<\/div><\/div>\n\n\n\n<div class=\"wp-block-uagb-column uagb-column__wrap uagb-column__background-undefined uagb-block-0c92484d\"><div class=\"uagb-column__overlay\"><\/div><div class=\"uagb-column__inner-wrap\">\n<section class=\"wp-block-uagb-section uagb-section__wrap uagb-section__background-undefined uagb-block-566dffaf\"><div class=\"uagb-section__overlay\"><\/div><div class=\"uagb-section__inner-wrap\">\n<div class=\"wp-block-image\"><figure class=\"aligncenter size-large is-resized\"><img loading=\"lazy\" src=\"https:\/\/catedra.us.es\/catedracepsa\/wp-content\/uploads\/2021\/06\/iconb_03-559582e13a70ad2693705a1abcd082dc-e338af.png\" alt=\"iconb_03-559582e13a70ad2693705a1abcd082dc-e338af\" class=\"wp-image-329\" width=\"107\" height=\"107\" srcset=\"https:\/\/catedra.us.es\/catedracepsa\/wp-content\/uploads\/2021\/06\/iconb_03-559582e13a70ad2693705a1abcd082dc-e338af.png 428w, https:\/\/catedra.us.es\/catedracepsa\/wp-content\/uploads\/2021\/06\/iconb_03-559582e13a70ad2693705a1abcd082dc-e338af-300x300.png 300w, https:\/\/catedra.us.es\/catedracepsa\/wp-content\/uploads\/2021\/06\/iconb_03-559582e13a70ad2693705a1abcd082dc-e338af-150x150.png 150w\" sizes=\"(max-width: 107px) 100vw, 107px\" \/><\/figure><\/div>\n\n\n\n<p class=\"has-text-align-center has-white-color has-text-color\"><strong>Productos petrol\u00edferos y derivados<\/strong><\/p>\n<\/div><\/section>\n<\/div><\/div>\n<\/div><\/section>\n<\/div><\/section>\n<\/div><\/section>\n\n\n\n<section class=\"wp-block-uagb-section uagb-section__wrap uagb-section__background-undefined uagb-block-e6a959a2\"><div class=\"uagb-section__overlay\"><\/div><div class=\"uagb-section__inner-wrap\">\n<div class=\"wp-block-buttons alignwide is-content-justification-center\">\n<div class=\"wp-block-button anchoboton\"><a class=\"wp-block-button__link\" href=\"https:\/\/catedra.us.es\/catedracepsa\/actividades\/\">FORMACI\u00d3N<\/a><\/div>\n<\/div>\n<\/div><\/section>\n\n\n\n<section class=\"wp-block-uagb-section uagb-section__wrap uagb-section__background-image uagb-block-7dc68656 height400\"><div class=\"uagb-section__overlay\"><\/div><div class=\"uagb-section__inner-wrap\">\n<section class=\"wp-block-uagb-section uagb-section__wrap uagb-section__background-undefined uagb-block-f5fac5ab\"><div class=\"uagb-section__overlay\"><\/div><div class=\"uagb-section__inner-wrap\">\n<h2 class=\"has-text-align-center has-white-color has-text-color\">PREMIOS, BECAS<br>Y AYUDAS<\/h2>\n<\/div><\/section>\n\n\n\n<section class=\"wp-block-uagb-section uagb-section__wrap uagb-section__background-undefined uagb-block-1262ace1\"><div class=\"uagb-section__overlay\"><\/div><div class=\"uagb-section__inner-wrap\">\n<p class=\"has-text-align-center has-white-color has-text-color\">PARTICIPA EN NUESTRO PROGRAMA DE BECAS<br>Y F\u00d3RMATE CON NOSOTROS<\/p>\n<\/div><\/section>\n<\/div><\/section>\n\n\n\n<section class=\"wp-block-uagb-section uagb-section__wrap uagb-section__background-undefined uagb-block-f08aff9c\"><div class=\"uagb-section__overlay\"><\/div><div class=\"uagb-section__inner-wrap\">\n<div class=\"wp-block-buttons alignwide is-content-justification-center\">\n<div class=\"wp-block-button anchoboton\"><a class=\"wp-block-button__link\" href=\"https:\/\/catedra.us.es\/catedracepsa\/becas-premios-y-ayudas\/\">PREMIOS, BECAS Y AYUDAS<\/a><\/div>\n<\/div>\n<\/div><\/section>\n\n\n\n<section class=\"wp-block-uagb-section uagb-section__wrap uagb-section__background-undefined uagb-block-ebe2a1d8\"><div class=\"uagb-section__overlay\"><\/div><div class=\"uagb-section__inner-wrap\">\n<h2 class=\"has-text-align-center has-black-color has-text-color\">NOTICIAS<\/h2>\n<\/div><\/section>\n\n\n\n<section class=\"wp-block-uagb-section uagb-section__wrap uagb-section__background-undefined uagb-block-b544eb8d\"><div class=\"uagb-section__overlay\"><\/div><div class=\"uagb-section__inner-wrap\">\n<p class=\"has-text-align-center\">DESCUBRE LAS \u00daLTIMAS NOTICIAS EN C\u00c1TEDRA FUNDACI\u00d3N CEPSA<\/p>\n<\/div><\/section>\n\n\n\n<section class=\"wp-block-uagb-section uagb-section__wrap uagb-section__background-undefined uagb-block-448c128b\"><div class=\"uagb-section__overlay\"><\/div><div class=\"uagb-section__inner-wrap\">\n\t\t\t<div class=\"uagb-post-grid noticiasseccion uagb-post__image-position-top uagb-block-0915d38e   \" data-total=\"9\">\n\n\t\t\t\t<div class=\"uagb-post__items uagb-post__columns-3 is-grid uagb-post__columns-tablet-2 uagb-post__columns-mobile-1 uagb-post__equal-height\">\n\n\t\t\t\t\t\t\t\t<article >\n\t\t\t\t\t\t\t\t\t\t<div class=\"uagb-post__inner-wrap\">\n\t\t\t\t\t\t\t\t\t\t\t\t\t\t\t<div class='uagb-post__image'>\n\t\t\t\t<a href=\"https:\/\/catedra.us.es\/catedracepsa\/2025\/11\/03\/mesa-redonda-nuevas-capacitaciones-profesionales-para-la-transicion-energetica\/\" target=\"_self\" rel=\"bookmark noopener noreferrer\"><img width=\"1024\" height=\"669\" src=\"https:\/\/catedra.us.es\/catedracepsa\/wp-content\/uploads\/2025\/11\/Captura-de-pantalla-2025-11-06-182302-1024x669.png\" class=\"attachment-large size-large\" alt=\"\" loading=\"lazy\" srcset=\"https:\/\/catedra.us.es\/catedracepsa\/wp-content\/uploads\/2025\/11\/Captura-de-pantalla-2025-11-06-182302-1024x669.png 1024w, https:\/\/catedra.us.es\/catedracepsa\/wp-content\/uploads\/2025\/11\/Captura-de-pantalla-2025-11-06-182302-300x196.png 300w, https:\/\/catedra.us.es\/catedracepsa\/wp-content\/uploads\/2025\/11\/Captura-de-pantalla-2025-11-06-182302-768x502.png 768w, https:\/\/catedra.us.es\/catedracepsa\/wp-content\/uploads\/2025\/11\/Captura-de-pantalla-2025-11-06-182302.png 1165w\" sizes=\"(max-width: 1024px) 100vw, 1024px\" \/>\t\t\t\t<\/a>\n\t\t\t<\/div>\n\t\t\t\t\t\t<div class='uagb-post__text'> \n\t\t\t\t<h3 class=\"uagb-post__title\">\n\t\t\t\t\t<a href=\"https:\/\/catedra.us.es\/catedracepsa\/2025\/11\/03\/mesa-redonda-nuevas-capacitaciones-profesionales-para-la-transicion-energetica\/\" target=\"_self\" rel=\"bookmark noopener noreferrer\">Mesa redonda \u00abNuevas capacitaciones profesionales para la transici\u00f3n energ\u00e9tica\u00bb.<\/a>\n\t\t\t\t<\/h3>\n\t\t\t<\/div>\n\t\t\t\t\t\t<div class='uagb-post__text'> \n\t\t\t<div class=\"uagb-post-grid-byline\">\n\t\t\t\t\t\t\t\t<time datetime=\"2025-11-03T17:06:00+00:00\" class=\"uagb-post__date\">\n\t\t\t\t\t<span class=\"dashicons-calendar dashicons\"><\/span>\n\t\t\t\t\t3 de noviembre de 2025\t\t\t\t<\/time>\n\t\t\t\t\t\t<\/div>\n\t\t\t<\/div>\n\t\t\t\t\t\t\t<div class='uagb-post__text'> \n\t\t\t\t\t<div class=\"uagb-post__excerpt\">\n\t\t\t\t\t\tEl pr\u00f3ximo dia 10 de noviembre coincidiendo con la inauguraci\u00f3n del Aula \u2026\t\t\t\t\t<\/div>\n\t\t\t<\/div>\n\t\t\t\t\t\t\t\t<\/div>\n\t\t\t\t\t\t\t\t\t<\/article>\n\t\t\t\t\t\t\t\t<article >\n\t\t\t\t\t\t\t\t\t\t<div class=\"uagb-post__inner-wrap\">\n\t\t\t\t\t\t\t\t\t\t\t\t\t\t\t<div class='uagb-post__image'>\n\t\t\t\t<a href=\"https:\/\/catedra.us.es\/catedracepsa\/2025\/10\/29\/convocatoria-xiii-edicion-de-los-premios-a-los-mejores-tfg-y-tfm-catedra-moeve\/\" target=\"_self\" rel=\"bookmark noopener noreferrer\"><img width=\"768\" height=\"538\" src=\"https:\/\/catedra.us.es\/catedracepsa\/wp-content\/uploads\/2025\/10\/Moeve-768x538-1.jpg\" class=\"attachment-large size-large\" alt=\"\" loading=\"lazy\" srcset=\"https:\/\/catedra.us.es\/catedracepsa\/wp-content\/uploads\/2025\/10\/Moeve-768x538-1.jpg 768w, https:\/\/catedra.us.es\/catedracepsa\/wp-content\/uploads\/2025\/10\/Moeve-768x538-1-300x210.jpg 300w\" sizes=\"(max-width: 768px) 100vw, 768px\" \/>\t\t\t\t<\/a>\n\t\t\t<\/div>\n\t\t\t\t\t\t<div class='uagb-post__text'> \n\t\t\t\t<h3 class=\"uagb-post__title\">\n\t\t\t\t\t<a href=\"https:\/\/catedra.us.es\/catedracepsa\/2025\/10\/29\/convocatoria-xiii-edicion-de-los-premios-a-los-mejores-tfg-y-tfm-catedra-moeve\/\" target=\"_self\" rel=\"bookmark noopener noreferrer\">Convocatoria XIII Edici\u00f3n de los Premios a los mejores TFG y TFM C\u00e1tedra Moeve<\/a>\n\t\t\t\t<\/h3>\n\t\t\t<\/div>\n\t\t\t\t\t\t<div class='uagb-post__text'> \n\t\t\t<div class=\"uagb-post-grid-byline\">\n\t\t\t\t\t\t\t\t<time datetime=\"2025-10-29T15:45:35+00:00\" class=\"uagb-post__date\">\n\t\t\t\t\t<span class=\"dashicons-calendar dashicons\"><\/span>\n\t\t\t\t\t29 de octubre de 2025\t\t\t\t<\/time>\n\t\t\t\t\t\t<\/div>\n\t\t\t<\/div>\n\t\t\t\t\t\t\t<div class='uagb-post__text'> \n\t\t\t\t\t<div class=\"uagb-post__excerpt\">\n\t\t\t\t\t\t.\n\n\n\nSe convoca la XIII edici\u00f3n de los premios a los mejores trabajos \u2026\t\t\t\t\t<\/div>\n\t\t\t<\/div>\n\t\t\t\t\t\t\t\t<\/div>\n\t\t\t\t\t\t\t\t\t<\/article>\n\t\t\t\t\t\t\t\t<article >\n\t\t\t\t\t\t\t\t\t\t<div class=\"uagb-post__inner-wrap\">\n\t\t\t\t\t\t\t\t\t\t\t\t\t\t\t<div class='uagb-post__image'>\n\t\t\t\t<a href=\"https:\/\/catedra.us.es\/catedracepsa\/2025\/03\/26\/entrega-de-los-premios-a-los-mejores-tfg-y-tfm-catedra-moeve-xii-edicion\/\" target=\"_self\" rel=\"bookmark noopener noreferrer\"><img width=\"1024\" height=\"768\" src=\"https:\/\/catedra.us.es\/catedracepsa\/wp-content\/uploads\/2025\/03\/PHOTO-2025-03-26-12-47-17-1024x768.jpg\" class=\"attachment-large size-large\" alt=\"\" loading=\"lazy\" srcset=\"https:\/\/catedra.us.es\/catedracepsa\/wp-content\/uploads\/2025\/03\/PHOTO-2025-03-26-12-47-17-1024x768.jpg 1024w, https:\/\/catedra.us.es\/catedracepsa\/wp-content\/uploads\/2025\/03\/PHOTO-2025-03-26-12-47-17-300x225.jpg 300w, https:\/\/catedra.us.es\/catedracepsa\/wp-content\/uploads\/2025\/03\/PHOTO-2025-03-26-12-47-17-768x576.jpg 768w, https:\/\/catedra.us.es\/catedracepsa\/wp-content\/uploads\/2025\/03\/PHOTO-2025-03-26-12-47-17-1536x1152.jpg 1536w, https:\/\/catedra.us.es\/catedracepsa\/wp-content\/uploads\/2025\/03\/PHOTO-2025-03-26-12-47-17.jpg 1600w\" sizes=\"(max-width: 1024px) 100vw, 1024px\" \/>\t\t\t\t<\/a>\n\t\t\t<\/div>\n\t\t\t\t\t\t<div class='uagb-post__text'> \n\t\t\t\t<h3 class=\"uagb-post__title\">\n\t\t\t\t\t<a href=\"https:\/\/catedra.us.es\/catedracepsa\/2025\/03\/26\/entrega-de-los-premios-a-los-mejores-tfg-y-tfm-catedra-moeve-xii-edicion\/\" target=\"_self\" rel=\"bookmark noopener noreferrer\">Visita al Parque Energ\u00e9tico La R\u00e1bida<\/a>\n\t\t\t\t<\/h3>\n\t\t\t<\/div>\n\t\t\t\t\t\t<div class='uagb-post__text'> \n\t\t\t<div class=\"uagb-post-grid-byline\">\n\t\t\t\t\t\t\t\t<time datetime=\"2025-03-26T22:46:00+00:00\" class=\"uagb-post__date\">\n\t\t\t\t\t<span class=\"dashicons-calendar dashicons\"><\/span>\n\t\t\t\t\t26 de marzo de 2025\t\t\t\t<\/time>\n\t\t\t\t\t\t<\/div>\n\t\t\t<\/div>\n\t\t\t\t\t\t\t<div class='uagb-post__text'> \n\t\t\t\t\t<div class=\"uagb-post__excerpt\">\n\t\t\t\t\t\tLos alumnos de las asignaturas de Refino de Petr\u00f3leo del M\u00e1ster de \u2026\t\t\t\t\t<\/div>\n\t\t\t<\/div>\n\t\t\t\t\t\t\t\t<\/div>\n\t\t\t\t\t\t\t\t\t<\/article>\n\t\t\t\t\t\t\t\t<\/div>\n\t\t\t\t\t\t\t<\/div>\n\t\t\t<\/div><\/section>\n\n\n\n<section class=\"wp-block-uagb-section uagb-section__wrap uagb-section__background-undefined uagb-block-57a7faff\"><div class=\"uagb-section__overlay\"><\/div><div class=\"uagb-section__inner-wrap\">\n<div class=\"wp-block-buttons alignwide is-content-justification-center\">\n<div class=\"wp-block-button anchoboton\"><a class=\"wp-block-button__link\" href=\"https:\/\/catedra.us.es\/catedracepsa\/noticias\/\">NOTICIAS<\/a><\/div>\n<\/div>\n<\/div><\/section>\n\n\n\n<p><\/p>\n","protected":false},"excerpt":{"rendered":"","protected":false},"author":1,"featured_media":0,"parent":0,"menu_order":0,"comment_status":"closed","ping_status":"closed","template":"","meta":[],"yoast_head":"<!-- This site is optimized with the Yoast SEO plugin v17.2 - https:\/\/yoast.com\/wordpress\/plugins\/seo\/ -->\n<title>Actividades - Catedra Cepsa<\/title>\n<meta name=\"robots\" content=\"index, follow, max-snippet:-1, max-image-preview:large, max-video-preview:-1\" \/>\n<link rel=\"canonical\" href=\"https:\/\/catedra.us.es\/catedracepsa\/actividades\/\" \/>\n<meta property=\"og:locale\" content=\"es_ES\" \/>\n<meta property=\"og:type\" content=\"article\" \/>\n<meta property=\"og:title\" content=\"Actividades - Catedra Cepsa\" \/>\n<meta property=\"og:url\" content=\"https:\/\/catedra.us.es\/catedracepsa\/actividades\/\" \/>\n<meta property=\"og:site_name\" content=\"Catedra Cepsa\" \/>\n<meta property=\"article:modified_time\" content=\"2021-06-24T11:05:56+00:00\" \/>\n<meta property=\"og:image\" content=\"https:\/\/catedra.comunicaweb.info\/wp-content\/uploads\/2021\/06\/iconb_05-062f9ad27122a7608c0143f3d00557e8-7aa25d.png\" \/>\n<meta name=\"twitter:card\" content=\"summary_large_image\" \/>\n<meta name=\"twitter:label1\" content=\"Tiempo de lectura\" \/>\n\t<meta name=\"twitter:data1\" content=\"1 minuto\" \/>\n<script type=\"application\/ld+json\" class=\"yoast-schema-graph\">{\"@context\":\"https:\/\/schema.org\",\"@graph\":[{\"@type\":\"WebSite\",\"@id\":\"https:\/\/catedra.us.es\/catedracepsa\/#website\",\"url\":\"https:\/\/catedra.us.es\/catedracepsa\/\",\"name\":\"Catedra Cepsa\",\"description\":\"\",\"potentialAction\":[{\"@type\":\"SearchAction\",\"target\":{\"@type\":\"EntryPoint\",\"urlTemplate\":\"https:\/\/catedra.us.es\/catedracepsa\/?s={search_term_string}\"},\"query-input\":\"required name=search_term_string\"}],\"inLanguage\":\"es\"},{\"@type\":\"ImageObject\",\"@id\":\"https:\/\/catedra.us.es\/catedracepsa\/actividades\/#primaryimage\",\"inLanguage\":\"es\",\"url\":\"https:\/\/catedra.us.es\/catedracepsa\/wp-content\/uploads\/2021\/06\/iconb_05-062f9ad27122a7608c0143f3d00557e8-7aa25d.png\",\"contentUrl\":\"https:\/\/catedra.us.es\/catedracepsa\/wp-content\/uploads\/2021\/06\/iconb_05-062f9ad27122a7608c0143f3d00557e8-7aa25d.png\",\"width\":428,\"height\":428,\"caption\":\"iconb_05-062f9ad27122a7608c0143f3d00557e8-7aa25d\"},{\"@type\":\"WebPage\",\"@id\":\"https:\/\/catedra.us.es\/catedracepsa\/actividades\/#webpage\",\"url\":\"https:\/\/catedra.us.es\/catedracepsa\/actividades\/\",\"name\":\"Actividades - Catedra Cepsa\",\"isPartOf\":{\"@id\":\"https:\/\/catedra.us.es\/catedracepsa\/#website\"},\"primaryImageOfPage\":{\"@id\":\"https:\/\/catedra.us.es\/catedracepsa\/actividades\/#primaryimage\"},\"datePublished\":\"2021-06-21T09:42:50+00:00\",\"dateModified\":\"2021-06-24T11:05:56+00:00\",\"breadcrumb\":{\"@id\":\"https:\/\/catedra.us.es\/catedracepsa\/actividades\/#breadcrumb\"},\"inLanguage\":\"es\",\"potentialAction\":[{\"@type\":\"ReadAction\",\"target\":[\"https:\/\/catedra.us.es\/catedracepsa\/actividades\/\"]}]},{\"@type\":\"BreadcrumbList\",\"@id\":\"https:\/\/catedra.us.es\/catedracepsa\/actividades\/#breadcrumb\",\"itemListElement\":[{\"@type\":\"ListItem\",\"position\":1,\"name\":\"Portada\",\"item\":\"https:\/\/catedra.us.es\/catedracepsa\/\"},{\"@type\":\"ListItem\",\"position\":2,\"name\":\"Actividades\"}]}]}<\/script>\n<!-- \/ Yoast SEO plugin. -->","yoast_head_json":{"title":"Actividades - Catedra Cepsa","robots":{"index":"index","follow":"follow","max-snippet":"max-snippet:-1","max-image-preview":"max-image-preview:large","max-video-preview":"max-video-preview:-1"},"canonical":"https:\/\/catedra.us.es\/catedracepsa\/actividades\/","og_locale":"es_ES","og_type":"article","og_title":"Actividades - Catedra Cepsa","og_url":"https:\/\/catedra.us.es\/catedracepsa\/actividades\/","og_site_name":"Catedra Cepsa","article_modified_time":"2021-06-24T11:05:56+00:00","og_image":[{"url":"https:\/\/catedra.comunicaweb.info\/wp-content\/uploads\/2021\/06\/iconb_05-062f9ad27122a7608c0143f3d00557e8-7aa25d.png"}],"twitter_card":"summary_large_image","twitter_misc":{"Tiempo de lectura":"1 minuto"},"schema":{"@context":"https:\/\/schema.org","@graph":[{"@type":"WebSite","@id":"https:\/\/catedra.us.es\/catedracepsa\/#website","url":"https:\/\/catedra.us.es\/catedracepsa\/","name":"Catedra Cepsa","description":"","potentialAction":[{"@type":"SearchAction","target":{"@type":"EntryPoint","urlTemplate":"https:\/\/catedra.us.es\/catedracepsa\/?s={search_term_string}"},"query-input":"required name=search_term_string"}],"inLanguage":"es"},{"@type":"ImageObject","@id":"https:\/\/catedra.us.es\/catedracepsa\/actividades\/#primaryimage","inLanguage":"es","url":"https:\/\/catedra.us.es\/catedracepsa\/wp-content\/uploads\/2021\/06\/iconb_05-062f9ad27122a7608c0143f3d00557e8-7aa25d.png","contentUrl":"https:\/\/catedra.us.es\/catedracepsa\/wp-content\/uploads\/2021\/06\/iconb_05-062f9ad27122a7608c0143f3d00557e8-7aa25d.png","width":428,"height":428,"caption":"iconb_05-062f9ad27122a7608c0143f3d00557e8-7aa25d"},{"@type":"WebPage","@id":"https:\/\/catedra.us.es\/catedracepsa\/actividades\/#webpage","url":"https:\/\/catedra.us.es\/catedracepsa\/actividades\/","name":"Actividades - Catedra Cepsa","isPartOf":{"@id":"https:\/\/catedra.us.es\/catedracepsa\/#website"},"primaryImageOfPage":{"@id":"https:\/\/catedra.us.es\/catedracepsa\/actividades\/#primaryimage"},"datePublished":"2021-06-21T09:42:50+00:00","dateModified":"2021-06-24T11:05:56+00:00","breadcrumb":{"@id":"https:\/\/catedra.us.es\/catedracepsa\/actividades\/#breadcrumb"},"inLanguage":"es","potentialAction":[{"@type":"ReadAction","target":["https:\/\/catedra.us.es\/catedracepsa\/actividades\/"]}]},{"@type":"BreadcrumbList","@id":"https:\/\/catedra.us.es\/catedracepsa\/actividades\/#breadcrumb","itemListElement":[{"@type":"ListItem","position":1,"name":"Portada","item":"https:\/\/catedra.us.es\/catedracepsa\/"},{"@type":"ListItem","position":2,"name":"Actividades"}]}]}},"uagb_featured_image_src":{"full":false,"thumbnail":false,"medium":false,"medium_large":false,"large":false,"1536x1536":false,"2048x2048":false},"uagb_author_info":{"display_name":"Master","author_link":"https:\/\/catedra.us.es\/catedracepsa\/author\/plantill\/"},"uagb_comment_info":0,"uagb_excerpt":null,"_links":{"self":[{"href":"https:\/\/catedra.us.es\/catedracepsa\/wp-json\/wp\/v2\/pages\/576"}],"collection":[{"href":"https:\/\/catedra.us.es\/catedracepsa\/wp-json\/wp\/v2\/pages"}],"about":[{"href":"https:\/\/catedra.us.es\/catedracepsa\/wp-json\/wp\/v2\/types\/page"}],"author":[{"embeddable":true,"href":"https:\/\/catedra.us.es\/catedracepsa\/wp-json\/wp\/v2\/users\/1"}],"replies":[{"embeddable":true,"href":"https:\/\/catedra.us.es\/catedracepsa\/wp-json\/wp\/v2\/comments?post=576"}],"version-history":[{"count":1,"href":"https:\/\/catedra.us.es\/catedracepsa\/wp-json\/wp\/v2\/pages\/576\/revisions"}],"predecessor-version":[{"id":1256,"href":"https:\/\/catedra.us.es\/catedracepsa\/wp-json\/wp\/v2\/pages\/576\/revisions\/1256"}],"wp:attachment":[{"href":"https:\/\/catedra.us.es\/catedracepsa\/wp-json\/wp\/v2\/media?parent=576"}],"curies":[{"name":"wp","href":"https:\/\/api.w.org\/{rel}","templated":true}]}}