{"id":41,"date":"2024-03-13T09:05:47","date_gmt":"2024-03-13T08:05:47","guid":{"rendered":"https:\/\/catedra.us.es\/catedrartveus\/?page_id=41"},"modified":"2024-04-09T08:55:23","modified_gmt":"2024-04-09T06:55:23","slug":"aviso-legal","status":"publish","type":"page","link":"https:\/\/catedra.us.es\/catedrartveus\/aviso-legal\/","title":{"rendered":"Aviso legal"},"content":{"rendered":"<p>El presente Aviso Legal regula las condiciones generales de acceso y utilizaci\u00f3n del sitio web accesible en la direcci\u00f3n URL https:\/\/catedra.us.es\/catedrartveus (en adelante, el sitio web), que UNIVERSIDAD DE SEVILLA pone a disposici\u00f3n de los usuarios de Internet.<br \/>\nLa utilizaci\u00f3n del sitio web implica la aceptaci\u00f3n plena y sin reservas de todas y cada una de las disposiciones incluidas en este Aviso Legal. En consecuencia, el usuario del sitio web debe leer atentamente el presente Aviso Legal en cada una de las ocasiones en que se proponga utilizar la web, ya que el texto podr\u00eda sufrir modificaciones a criterio del titular de la web, o a causa de un cambio legislativo, jurisprudencial o en la pr\u00e1ctica empresarial.<\/p>\n<p><strong>1.- TITULARIDAD DEL SITIO WEB.<\/strong><\/p>\n<p>Nombre del titular: UNIVERSIDAD DE SEVILLA<br \/>\nDomicilio social: C\/ S. Fernando, 4 (C.P. 41004) SEVILLA<br \/>\nN.I.F.: Q-4118001-I<br \/>\nCorreo electr\u00f3nico: catedrartveus@us.es<\/p>\n<p>2.- OBJETO.<br \/>\nEl sitio web facilita a los usuarios del mismo el acceso a informaci\u00f3n y servicios prestados por UNIVERSIDAD DE SEVILLA a aquellas personas u organizaciones interesadas en los mismos.<\/p>\n<p><strong>3.- ACCESO Y UTILIZACI\u00d3N DE LA WEB.<\/strong><\/p>\n<p>3.1.- Car\u00e1cter gratuito del acceso y utilizaci\u00f3n de la web. El acceso a la web tiene car\u00e1cter gratuito para los usuarios de la misma.<\/p>\n<p>3.2.- Registro de usuarios. Con car\u00e1cter general el acceso y utilizaci\u00f3n de la web no exige la previa suscripci\u00f3n o registro de los usuarios de la misma.<\/p>\n<p><strong>4.- CONTENIDOS DE LA WEB.<\/strong><\/p>\n<p>El idioma utilizado por el titular en la web ser\u00e1 el castellano. UNIVERSIDAD DE SEVILLA no se responsabiliza de la no comprensi\u00f3n o entendimiento del idioma de la web por el usuario, ni de sus consecuencias.<\/p>\n<p>UNIVERSIDAD DE SEVILLA podr\u00e1 modificar los contenidos sin previo aviso, as\u00ed como suprimir y cambiar \u00e9stos dentro de la web, como la forma en que se accede a \u00e9stos, sin justificaci\u00f3n alguna y libremente, no responsabiliz\u00e1ndose de las consecuencias que los mismos puedan ocasionar a los usuarios.<\/p>\n<p>UNIVERSIDAD DE SEVILLA, no responder\u00e1 de los da\u00f1os o perjuicios causados por decisiones tomadas en base a la informaci\u00f3n difundida por este medio; ni de posibles inexactitudes, omisiones o errores contenidos en el mismo, siendo el usuario el \u00fanico responsable por el uso que le da al sitio web, los resultados, las conclusiones o las decisiones que adopte con base a ese contenido. Nada en la web ser\u00e1 considerado o tomado como asesoramiento financiero.<\/p>\n<p>Se proh\u00edbe el uso de los contenidos de la web para promocionar, contratar o divulgar publicidad o informaci\u00f3n propia o de terceras personas sin la autorizaci\u00f3n de UNIVERSIDAD DE SEVILLA, ni remitir publicidad o informaci\u00f3n vali\u00e9ndose para ello de los servicios o informaci\u00f3n que se ponen a disposici\u00f3n de los usuarios, independientemente de si la utilizaci\u00f3n es gratuita o no.<\/p>\n<p>Los enlaces o hiperenlaces que incorporen terceros en sus p\u00e1ginas web, dirigidos a esta web, ser\u00e1n para la apertura de la p\u00e1gina web completa, no pudiendo manifestar, directa o indirectamente, indicaciones falsas, inexactas o confusas, ni incurrir en acciones desleales o il\u00edcitas en contra de UNIVERSIDAD DE SEVILLA<\/p>\n<p><strong>5.- LIMITACI\u00d3N DE RESPONSABILIDAD.<\/strong><\/p>\n<p>Tanto el acceso a la web como el uso no consentido que pueda efectuarse de la informaci\u00f3n contenida en la misma es de la exclusiva responsabilidad de quien lo realiza. UNIVERSIDAD DE SEVILLA no responder\u00e1 de ninguna consecuencia, da\u00f1o o perjuicio que pudieran derivarse de dicho acceso o uso. UNIVERSIDAD DE SEVILLA no se hace responsable de los errores de seguridad, que se puedan producir ni de los da\u00f1os que puedan causarse al sistema inform\u00e1tico del usuario (hardware y software), o a los ficheros o documentos almacenados en el mismo, como consecuencia de:<\/p>\n<p>La presencia de un virus en el ordenador del usuario que sea utilizado para la conexi\u00f3n a los servicios y contenidos de la web.<br \/>\nUn mal funcionamiento del navegador. y\/o el uso de versiones no actualizadas del mismo.<br \/>\nUNIVERSIDAD DE SEVILLA no se hace responsable de la fiabilidad y rapidez de los hiperenlaces que se incorporen en la web para la apertura de otras. UNIVERSIDAD DE SEVILLA no garantiza la utilidad de estos enlaces, ni se responsabiliza de los contenidos o servicios a los que pueda acceder el usuario por medio de estos enlaces, ni del buen funcionamiento de estas webs.<\/p>\n<p>UNIVERSIDAD DE SEVILLA no ser\u00e1 responsable de los virus o dem\u00e1s programas inform\u00e1ticos que deterioren o puedan deteriorar los sistemas o equipos inform\u00e1ticos de los usuarios al acceder a su web u otras webs a las que se haya accedido mediante enlaces de esta web.<\/p>\n<p><strong>6.- EMPLEO DE LA TECNOLOG\u00cdA \u201cCOOKIE\u201d.<\/strong><\/p>\n<p>La web emplea cookies, puede consultar nuestra Pol\u00edtica de Cookies, que respeta en todo momento la confidencialidad e intimidad del mismo.<\/p>\n<p><strong>7.- PROPIEDAD INTELECTUAL E INDUSTRIAL.<\/strong><\/p>\n<p>UNIVERSIDAD DE SEVILLA, ostenta todos los derechos de propiedad industrial e intelectual, directamente o a trav\u00e9s de acuerdos con terceros, de los textos, fotograf\u00edas, logotipo y dem\u00e1s elementos gr\u00e1ficos, as\u00ed como su forma de presentaci\u00f3n, protegidas por sus derechos de autor.<\/p>\n<p>Cualquier uso de la web o sus contenidos deber\u00e1 tener un car\u00e1cter exclusivamente particular.<\/p>\n<p>Est\u00e1 reservado exclusivamente a UNIVERSIDAD DE SEVILLA, cualquier otro uso que suponga la copia, reproducci\u00f3n, distribuci\u00f3n, transformaci\u00f3n, comunicaci\u00f3n p\u00fablica o cualquier otra acci\u00f3n similar, de todo o parte de los contenidos de la web, por lo que ning\u00fan usuario podr\u00e1 llevar a cabo estas acciones sin la autorizaci\u00f3n previa y por escrito de UNIVERSIDAD DE SEVILLA<\/p>\n<p><strong>8.- LEGISLACI\u00d3N APLICABLE Y JURISDICCI\u00d3N COMPETENTE.<\/strong><\/p>\n<p>El presente Aviso Legal se interpretar\u00e1 y regir\u00e1 de conformidad con la legislaci\u00f3n espa\u00f1ola. UNIVERSIDAD DE SEVILLA y los usuarios, con renuncia expresa a cualquier otro fuero que pudiera corresponderles, se someten al de los juzgados y tribunales del domicilio del usuario para cualquier controversia que pudiera derivarse del acceso o uso de la web. En el caso de que el usuario tenga su domicilio fuera de Espa\u00f1a, UNIVERSIDAD DE SEVILLA y el usuario, se someten, con renuncia expresa a cualquier otro fuero, a los juzgados y tribunales del domicilio de Sevilla.<\/p>\n","protected":false},"excerpt":{"rendered":"<p>El presente Aviso Legal regula las condiciones generales de acceso y utilizaci\u00f3n del sitio web accesible en la direcci\u00f3n URL<\/p>\n","protected":false},"author":1,"featured_media":0,"parent":0,"menu_order":0,"comment_status":"closed","ping_status":"closed","template":"","meta":{"footnotes":""},"yoast_head":"<!-- This site is optimized with the Yoast SEO plugin v23.5 - https:\/\/yoast.com\/wordpress\/plugins\/seo\/ -->\n<title>Aviso legal - C\u00e1tedra RTVE Universidad de Sevilla<\/title>\n<meta name=\"robots\" content=\"noindex, nofollow\" \/>\n<meta property=\"og:locale\" content=\"es_ES\" \/>\n<meta property=\"og:type\" content=\"article\" \/>\n<meta property=\"og:title\" content=\"Aviso legal - C\u00e1tedra RTVE Universidad de Sevilla\" \/>\n<meta property=\"og:description\" content=\"El presente Aviso Legal regula las condiciones generales de acceso y utilizaci\u00f3n del sitio web accesible en la direcci\u00f3n URL\" \/>\n<meta property=\"og:url\" content=\"https:\/\/catedra.us.es\/catedrartveus\/aviso-legal\/\" \/>\n<meta property=\"og:site_name\" content=\"C\u00e1tedra RTVE Universidad de Sevilla\" \/>\n<meta property=\"article:modified_time\" content=\"2024-04-09T06:55:23+00:00\" \/>\n<meta name=\"twitter:card\" content=\"summary_large_image\" \/>\n<meta name=\"twitter:label1\" content=\"Tiempo de lectura\" \/>\n\t<meta name=\"twitter:data1\" content=\"5 minutos\" \/>\n<script type=\"application\/ld+json\" class=\"yoast-schema-graph\">{\"@context\":\"https:\/\/schema.org\",\"@graph\":[{\"@type\":\"WebPage\",\"@id\":\"https:\/\/catedra.us.es\/catedrartveus\/aviso-legal\/\",\"url\":\"https:\/\/catedra.us.es\/catedrartveus\/aviso-legal\/\",\"name\":\"Aviso legal - C\u00e1tedra RTVE Universidad de Sevilla\",\"isPartOf\":{\"@id\":\"https:\/\/catedra.us.es\/catedrartveus\/#website\"},\"datePublished\":\"2024-03-13T08:05:47+00:00\",\"dateModified\":\"2024-04-09T06:55:23+00:00\",\"breadcrumb\":{\"@id\":\"https:\/\/catedra.us.es\/catedrartveus\/aviso-legal\/#breadcrumb\"},\"inLanguage\":\"es\",\"potentialAction\":[{\"@type\":\"ReadAction\",\"target\":[\"https:\/\/catedra.us.es\/catedrartveus\/aviso-legal\/\"]}]},{\"@type\":\"BreadcrumbList\",\"@id\":\"https:\/\/catedra.us.es\/catedrartveus\/aviso-legal\/#breadcrumb\",\"itemListElement\":[{\"@type\":\"ListItem\",\"position\":1,\"name\":\"Portada\",\"item\":\"https:\/\/catedra.us.es\/catedrartveus\/\"},{\"@type\":\"ListItem\",\"position\":2,\"name\":\"Aviso legal\"}]},{\"@type\":\"WebSite\",\"@id\":\"https:\/\/catedra.us.es\/catedrartveus\/#website\",\"url\":\"https:\/\/catedra.us.es\/catedrartveus\/\",\"name\":\"C\u00e1tedra RTVE Universidad de Sevilla\",\"description\":\"\",\"potentialAction\":[{\"@type\":\"SearchAction\",\"target\":{\"@type\":\"EntryPoint\",\"urlTemplate\":\"https:\/\/catedra.us.es\/catedrartveus\/?s={search_term_string}\"},\"query-input\":{\"@type\":\"PropertyValueSpecification\",\"valueRequired\":true,\"valueName\":\"search_term_string\"}}],\"inLanguage\":\"es\"}]}<\/script>\n<!-- \/ Yoast SEO plugin. -->","yoast_head_json":{"title":"Aviso legal - C\u00e1tedra RTVE Universidad de Sevilla","robots":{"index":"noindex","follow":"nofollow"},"og_locale":"es_ES","og_type":"article","og_title":"Aviso legal - C\u00e1tedra RTVE Universidad de Sevilla","og_description":"El presente Aviso Legal regula las condiciones generales de acceso y utilizaci\u00f3n del sitio web accesible en la direcci\u00f3n URL","og_url":"https:\/\/catedra.us.es\/catedrartveus\/aviso-legal\/","og_site_name":"C\u00e1tedra RTVE Universidad de Sevilla","article_modified_time":"2024-04-09T06:55:23+00:00","twitter_card":"summary_large_image","twitter_misc":{"Tiempo de lectura":"5 minutos"},"schema":{"@context":"https:\/\/schema.org","@graph":[{"@type":"WebPage","@id":"https:\/\/catedra.us.es\/catedrartveus\/aviso-legal\/","url":"https:\/\/catedra.us.es\/catedrartveus\/aviso-legal\/","name":"Aviso legal - C\u00e1tedra RTVE Universidad de Sevilla","isPartOf":{"@id":"https:\/\/catedra.us.es\/catedrartveus\/#website"},"datePublished":"2024-03-13T08:05:47+00:00","dateModified":"2024-04-09T06:55:23+00:00","breadcrumb":{"@id":"https:\/\/catedra.us.es\/catedrartveus\/aviso-legal\/#breadcrumb"},"inLanguage":"es","potentialAction":[{"@type":"ReadAction","target":["https:\/\/catedra.us.es\/catedrartveus\/aviso-legal\/"]}]},{"@type":"BreadcrumbList","@id":"https:\/\/catedra.us.es\/catedrartveus\/aviso-legal\/#breadcrumb","itemListElement":[{"@type":"ListItem","position":1,"name":"Portada","item":"https:\/\/catedra.us.es\/catedrartveus\/"},{"@type":"ListItem","position":2,"name":"Aviso legal"}]},{"@type":"WebSite","@id":"https:\/\/catedra.us.es\/catedrartveus\/#website","url":"https:\/\/catedra.us.es\/catedrartveus\/","name":"C\u00e1tedra RTVE Universidad de Sevilla","description":"","potentialAction":[{"@type":"SearchAction","target":{"@type":"EntryPoint","urlTemplate":"https:\/\/catedra.us.es\/catedrartveus\/?s={search_term_string}"},"query-input":{"@type":"PropertyValueSpecification","valueRequired":true,"valueName":"search_term_string"}}],"inLanguage":"es"}]}},"_links":{"self":[{"href":"https:\/\/catedra.us.es\/catedrartveus\/wp-json\/wp\/v2\/pages\/41"}],"collection":[{"href":"https:\/\/catedra.us.es\/catedrartveus\/wp-json\/wp\/v2\/pages"}],"about":[{"href":"https:\/\/catedra.us.es\/catedrartveus\/wp-json\/wp\/v2\/types\/page"}],"author":[{"embeddable":true,"href":"https:\/\/catedra.us.es\/catedrartveus\/wp-json\/wp\/v2\/users\/1"}],"replies":[{"embeddable":true,"href":"https:\/\/catedra.us.es\/catedrartveus\/wp-json\/wp\/v2\/comments?post=41"}],"version-history":[{"count":2,"href":"https:\/\/catedra.us.es\/catedrartveus\/wp-json\/wp\/v2\/pages\/41\/revisions"}],"predecessor-version":[{"id":11106,"href":"https:\/\/catedra.us.es\/catedrartveus\/wp-json\/wp\/v2\/pages\/41\/revisions\/11106"}],"wp:attachment":[{"href":"https:\/\/catedra.us.es\/catedrartveus\/wp-json\/wp\/v2\/media?parent=41"}],"curies":[{"name":"wp","href":"https:\/\/api.w.org\/{rel}","templated":true}]}}