{"id":126,"date":"2025-10-29T15:39:32","date_gmt":"2025-10-29T14:39:32","guid":{"rendered":"https:\/\/catedra.us.es\/catedraschneider\/?page_id=126"},"modified":"2025-12-09T15:13:20","modified_gmt":"2025-12-09T14:13:20","slug":"premios","status":"publish","type":"page","link":"https:\/\/catedra.us.es\/catedraschneider\/premios\/","title":{"rendered":"Premios"},"content":{"rendered":"\t\t<div data-elementor-type=\"wp-page\" data-elementor-id=\"126\" class=\"elementor elementor-126\" data-elementor-post-type=\"page\">\n\t\t\t\t<div class=\"elementor-element elementor-element-d2bc280 e-flex e-con-boxed elementor-invisible e-con e-parent\" data-id=\"d2bc280\" data-element_type=\"container\" data-settings=\"{&quot;animation&quot;:&quot;fadeInLeft&quot;}\">\n\t\t\t\t\t<div class=\"e-con-inner\">\n\t\t\t\t\t<\/div>\n\t\t\t\t<\/div>\n\t\t<div class=\"elementor-element elementor-element-7dcfe92 e-flex e-con-boxed elementor-invisible e-con e-parent\" data-id=\"7dcfe92\" data-element_type=\"container\" data-settings=\"{&quot;animation&quot;:&quot;fadeInUp&quot;}\">\n\t\t\t\t\t<div class=\"e-con-inner\">\n\t\t\t\t<div class=\"elementor-element elementor-element-8ec0015 elementor-widget elementor-widget-heading\" data-id=\"8ec0015\" data-element_type=\"widget\" data-widget_type=\"heading.default\">\n\t\t\t\t\t<h4 class=\"elementor-heading-title elementor-size-default\">Premios C\u00e1tedra Schneider Electric: Digitalizaci\u00f3n e Inteligencia Artificial Industrial<\/h4>\t\t\t\t<\/div>\n\t\t\t\t<div class=\"elementor-element elementor-element-f5b6ba0 elementor-widget elementor-widget-text-editor\" data-id=\"f5b6ba0\" data-element_type=\"widget\" data-widget_type=\"text-editor.default\">\n\t\t\t\t\t\t\t\t\t<p>Como parte de la colaboraci\u00f3n entre Schneider Electric y la Universidad de Sevilla, se lanza la primera edici\u00f3n de los\u00a0<b>Premios C\u00e1tedra Schneider Electric<\/b>, destinados a reconocer los mejores Trabajos Finales de Grado (TFG) y Trabajos Finales de M\u00e1ster (TFM) del curso acad\u00e9mico\u00a0<b>2024-2025<\/b>.<u><\/u><u><\/u><\/p><p><!-- \/wp:paragraph --><\/p>\t\t\t\t\t\t\t\t<\/div>\n\t\t\t\t\t<\/div>\n\t\t\t\t<\/div>\n\t\t<div class=\"elementor-element elementor-element-f287ae9 e-flex e-con-boxed elementor-invisible e-con e-parent\" data-id=\"f287ae9\" data-element_type=\"container\" data-settings=\"{&quot;animation&quot;:&quot;fadeInUp&quot;}\">\n\t\t\t\t\t<div class=\"e-con-inner\">\n\t\t\t\t<div class=\"elementor-element elementor-element-280bb70 elementor-widget elementor-widget-heading\" data-id=\"280bb70\" data-element_type=\"widget\" data-widget_type=\"heading.default\">\n\t\t\t\t\t<h4 class=\"elementor-heading-title elementor-size-default\">\ud83c\udfc6 \u00bfQu\u00e9 se premia?<\/h4>\t\t\t\t<\/div>\n\t\t\t\t<div class=\"elementor-element elementor-element-9545c29 elementor-widget elementor-widget-text-editor\" data-id=\"9545c29\" data-element_type=\"widget\" data-widget_type=\"text-editor.default\">\n\t\t\t\t\t\t\t\t\t<p>Se otorgar\u00e1n dos premios:<u><\/u><u><\/u><\/p>\n<ul type=\"disc\">\n<li><b>Mejor Trabajo Final de Grado (TFG) &#8211; 2.000\u20ac<\/b><u><\/u><u><\/u><\/li>\n<li><b>Mejor Trabajo Final de M\u00e1ster (TFM) &#8211; 2.500\u20ac<\/b><u><\/u><u><\/u><\/li>\n<\/ul>\n<div><b>\u00a0<\/b><\/div>\n<p>Los trabajos deber\u00e1n estar alineados con la tem\u00e1tica de la c\u00e1tedra:<u><\/u><u><\/u><\/p>\n<p><i>Transformaci\u00f3n digital de la gesti\u00f3n y automatizaci\u00f3n de la energ\u00eda el\u00e9ctrica, integraci\u00f3n de energ\u00edas renovables y sostenibles, estudio de nuevas tecnolog\u00edas y tendencias, aplicaci\u00f3n de soluciones TIC, y propuestas que impulsen la transici\u00f3n energ\u00e9tica sostenible.<\/i><\/p>\n<p><!-- \/wp:paragraph --><\/p>\t\t\t\t\t\t\t\t<\/div>\n\t\t\t\t\t<\/div>\n\t\t\t\t<\/div>\n\t\t<div class=\"elementor-element elementor-element-856d1a0 e-flex e-con-boxed elementor-invisible e-con e-parent\" data-id=\"856d1a0\" data-element_type=\"container\" data-settings=\"{&quot;animation&quot;:&quot;fadeInUp&quot;}\">\n\t\t\t\t\t<div class=\"e-con-inner\">\n\t\t\t\t<div class=\"elementor-element elementor-element-c85154b elementor-widget elementor-widget-heading\" data-id=\"c85154b\" data-element_type=\"widget\" data-widget_type=\"heading.default\">\n\t\t\t\t\t<h4 class=\"elementor-heading-title elementor-size-default\">\ud83d\udc69\u200d\ud83c\udf93 \u00bfQui\u00e9n puede participar?<\/h4>\t\t\t\t<\/div>\n\t\t\t\t<div class=\"elementor-element elementor-element-c48d991 elementor-widget elementor-widget-text-editor\" data-id=\"c48d991\" data-element_type=\"widget\" data-widget_type=\"text-editor.default\">\n\t\t\t\t\t\t\t\t\t<!-- wp:paragraph -->\n<p>Estudiantes de la Universidad de Sevilla que hayan presentado su TFG o TFM durante el curso acad\u00e9mico\u00a0<b>2024-2025<\/b>.<u><\/u><u><\/u><\/p>\n<!-- \/wp:paragraph -->\t\t\t\t\t\t\t\t<\/div>\n\t\t\t\t\t<\/div>\n\t\t\t\t<\/div>\n\t\t<div class=\"elementor-element elementor-element-8a33c7b e-flex e-con-boxed elementor-invisible e-con e-parent\" data-id=\"8a33c7b\" data-element_type=\"container\" data-settings=\"{&quot;animation&quot;:&quot;fadeInUp&quot;}\">\n\t\t\t\t\t<div class=\"e-con-inner\">\n\t\t\t\t<div class=\"elementor-element elementor-element-1d64720 elementor-widget elementor-widget-heading\" data-id=\"1d64720\" data-element_type=\"widget\" data-widget_type=\"heading.default\">\n\t\t\t\t\t<h4 class=\"elementor-heading-title elementor-size-default\">\ud83d\udcc5 Plazo de participaci\u00f3n\n\n<\/h4>\t\t\t\t<\/div>\n\t\t\t\t<div class=\"elementor-element elementor-element-70f47bc elementor-widget elementor-widget-text-editor\" data-id=\"70f47bc\" data-element_type=\"widget\" data-widget_type=\"text-editor.default\">\n\t\t\t\t\t\t\t\t\t<!-- wp:paragraph -->\n<p>La fecha l\u00edmite para enviar candidaturas es el\u00a0<b>31 de diciembre de 2025<\/b>.<u><\/u><u><\/u><\/p>\n<!-- \/wp:paragraph -->\t\t\t\t\t\t\t\t<\/div>\n\t\t\t\t\t<\/div>\n\t\t\t\t<\/div>\n\t\t<div class=\"elementor-element elementor-element-623ebd8 e-flex e-con-boxed elementor-invisible e-con e-parent\" data-id=\"623ebd8\" data-element_type=\"container\" data-settings=\"{&quot;animation&quot;:&quot;fadeInUp&quot;}\">\n\t\t\t\t\t<div class=\"e-con-inner\">\n\t\t\t\t<div class=\"elementor-element elementor-element-7e4bbb9 elementor-widget elementor-widget-heading\" data-id=\"7e4bbb9\" data-element_type=\"widget\" data-widget_type=\"heading.default\">\n\t\t\t\t\t<h4 class=\"elementor-heading-title elementor-size-default\">\ud83d\udce5 \u00bfC\u00f3mo participar?<\/h4>\t\t\t\t<\/div>\n\t\t\t\t<div class=\"elementor-element elementor-element-3985384 elementor-widget elementor-widget-text-editor\" data-id=\"3985384\" data-element_type=\"widget\" data-widget_type=\"text-editor.default\">\n\t\t\t\t\t\t\t\t\t<p>A trav\u00e9s del formulario disponible haciendo\u00a0<a href=\"https:\/\/catedra.us.es\/catedraschneider\/formulario-premios-catedra-schneider-electric-digitalizacion-e-inteligencia-artificial-industrial\/\" target=\"_blank\" rel=\"noopener\"><b>click aqu\u00ed<\/b><\/a>. El formulario solicitar\u00e1 los siguientes datos:<u><\/u><u><\/u><\/p>\n<ul type=\"disc\">\n<li>Nombre completo<u><\/u><u><\/u><\/li>\n<li>Correo electr\u00f3nico<u><\/u><u><\/u><\/li>\n<li>Titulaci\u00f3n<u><\/u><u><\/u><\/li>\n<li>T\u00edtulo del TFG\/TFM<u><\/u><u><\/u><\/li>\n<li>Resumen del proyecto<u><\/u><u><\/u><\/li>\n<li>Nota de defensa<u><\/u><u><\/u><\/li>\n<li>Nota del expediente acad\u00e9mico<u><\/u><u><\/u><\/li>\n<li>Adjunta el trabajo a presentar<\/li>\n<\/ul>\n<div>\u00a0<\/div>\n<p><img decoding=\"async\" class=\"emoji\" role=\"img\" draggable=\"false\" src=\"https:\/\/s.w.org\/images\/core\/emoji\/16.0.1\/svg\/26a0.svg\" alt=\"\u26a0\ufe0f\" \/>\u00a0<i>Durante el proceso de evaluaci\u00f3n, se podr\u00e1n solicitar certificados acreditativos de las notas.<\/i><\/p>\n<p><!-- \/wp:paragraph --><\/p>\t\t\t\t\t\t\t\t<\/div>\n\t\t\t\t\t<\/div>\n\t\t\t\t<\/div>\n\t\t<div class=\"elementor-element elementor-element-097edb4 e-flex e-con-boxed elementor-invisible e-con e-parent\" data-id=\"097edb4\" data-element_type=\"container\" data-settings=\"{&quot;animation&quot;:&quot;fadeInUp&quot;}\">\n\t\t\t\t\t<div class=\"e-con-inner\">\n\t\t\t\t<div class=\"elementor-element elementor-element-11013f1 elementor-widget elementor-widget-heading\" data-id=\"11013f1\" data-element_type=\"widget\" data-widget_type=\"heading.default\">\n\t\t\t\t\t<h4 class=\"elementor-heading-title elementor-size-default\">\ud83e\udde0 Criterios de evaluaci\u00f3n<\/h4>\t\t\t\t<\/div>\n\t\t\t\t<div class=\"elementor-element elementor-element-0bf10a2 elementor-widget elementor-widget-text-editor\" data-id=\"0bf10a2\" data-element_type=\"widget\" data-widget_type=\"text-editor.default\">\n\t\t\t\t\t\t\t\t\t<p>La selecci\u00f3n se realizar\u00e1 en base a:<u><\/u><u><\/u><\/p>\n<ul type=\"disc\">\n<li><b>Nota del expediente acad\u00e9mico<\/b><u><\/u><\/li>\n<li><b>Nota del trabajo presentado<\/b><u><\/u><\/li>\n<li><b>Evaluaci\u00f3n del comit\u00e9 Schneider Electric<\/b><u><\/u><\/li>\n<\/ul>\n<div>\u00a0<\/div>\n<p>El comit\u00e9 evaluador estar\u00e1 compuesto por representantes de Schneider Electric, quienes, de verlo necesario, podr\u00e1n invitar a los estudiantes preseleccionados a realizar una presentaci\u00f3n de su proyecto.<\/p>\n<p><!-- \/wp:paragraph --><\/p>\t\t\t\t\t\t\t\t<\/div>\n\t\t\t\t\t<\/div>\n\t\t\t\t<\/div>\n\t\t<div class=\"elementor-element elementor-element-3183130 e-flex e-con-boxed elementor-invisible e-con e-parent\" data-id=\"3183130\" data-element_type=\"container\" data-settings=\"{&quot;animation&quot;:&quot;fadeInUp&quot;}\">\n\t\t\t\t\t<div class=\"e-con-inner\">\n\t\t\t\t<div class=\"elementor-element elementor-element-d56ef6b elementor-widget elementor-widget-heading\" data-id=\"d56ef6b\" data-element_type=\"widget\" data-widget_type=\"heading.default\">\n\t\t\t\t\t<h4 class=\"elementor-heading-title elementor-size-default\">\ud83d\udce3 Resultados y entrega de premios<\/h4>\t\t\t\t<\/div>\n\t\t\t\t<div class=\"elementor-element elementor-element-664b170 elementor-widget elementor-widget-text-editor\" data-id=\"664b170\" data-element_type=\"widget\" data-widget_type=\"text-editor.default\">\n\t\t\t\t\t\t\t\t\t<p>Los resultados se anunciar\u00e1n en la p\u00e1gina web de la C\u00e1tedra Schneider Electric en\u00a0<b>marzo de 2026<\/b>. La entrega de premios se realizar\u00e1 en una\u00a0<b>ceremonia presencial<\/b>\u00a0en ese mismo mes.<u><\/u><u><\/u><\/p>\n<p><!-- \/wp:paragraph --><\/p>\t\t\t\t\t\t\t\t<\/div>\n\t\t\t\t\t<\/div>\n\t\t\t\t<\/div>\n\t\t<div class=\"elementor-element elementor-element-8c96a75 e-flex e-con-boxed elementor-invisible e-con e-parent\" data-id=\"8c96a75\" data-element_type=\"container\" data-settings=\"{&quot;animation&quot;:&quot;fadeInUp&quot;}\">\n\t\t\t\t\t<div class=\"e-con-inner\">\n\t\t\t\t<div class=\"elementor-element elementor-element-6bd07d6 elementor-widget elementor-widget-text-editor\" data-id=\"6bd07d6\" data-element_type=\"widget\" data-widget_type=\"text-editor.default\">\n\t\t\t\t\t\t\t\t\t<p><strong>Si tienes alguna consulta adicional escribe a\u00a0<a class=\"mailto-link\" href=\"mailto:schneiderus@us.es\" target=\"_blank\" rel=\"noopener\">schneiderus@us.es<\/a><\/strong><u><\/u><u><\/u><\/p>\n<p><!-- \/wp:paragraph --><\/p>\t\t\t\t\t\t\t\t<\/div>\n\t\t\t\t\t<\/div>\n\t\t\t\t<\/div>\n\t\t<div class=\"elementor-element elementor-element-2e326fe e-flex e-con-boxed elementor-invisible e-con e-parent\" data-id=\"2e326fe\" data-element_type=\"container\" data-settings=\"{&quot;animation&quot;:&quot;fadeInUp&quot;}\">\n\t\t\t\t\t<div class=\"e-con-inner\">\n\t\t\t\t<div class=\"elementor-element elementor-element-f2dc5c1 elementor-widget elementor-widget-image\" data-id=\"f2dc5c1\" data-element_type=\"widget\" data-widget_type=\"image.default\">\n\t\t\t\t\t\t\t\t\t\t\t\t\t\t\t<img fetchpriority=\"high\" decoding=\"async\" width=\"700\" height=\"193\" src=\"https:\/\/catedra.us.es\/catedraschneider\/wp-content\/uploads\/2025\/10\/schneider_lio_life_green_rgb.png\" class=\"attachment-large size-large wp-image-36\" alt=\"\" srcset=\"https:\/\/catedra.us.es\/catedraschneider\/wp-content\/uploads\/2025\/10\/schneider_lio_life_green_rgb.png 700w, https:\/\/catedra.us.es\/catedraschneider\/wp-content\/uploads\/2025\/10\/schneider_lio_life_green_rgb-300x83.png 300w\" sizes=\"(max-width: 700px) 100vw, 700px\" \/>\t\t\t\t\t\t\t\t\t\t\t\t\t\t\t<\/div>\n\t\t\t\t\t<\/div>\n\t\t\t\t<\/div>\n\t\t\t\t<\/div>\n\t\t","protected":false},"excerpt":{"rendered":"<p>Premios C\u00e1tedra Schneider Electric: Digitalizaci\u00f3n e Inteligencia Artificial Industrial Como parte de la colaboraci\u00f3n entre Schneider Electric y la Universidad de Sevilla, se lanza la primera edici\u00f3n de los\u00a0Premios C\u00e1tedra Schneider Electric, destinados a reconocer los mejores Trabajos Finales de Grado (TFG) y Trabajos Finales de M\u00e1ster (TFM) del curso acad\u00e9mico\u00a02024-2025. \ud83c\udfc6 \u00bfQu\u00e9 se premia? [&hellip;]<\/p>\n","protected":false},"author":1,"featured_media":0,"parent":0,"menu_order":5,"comment_status":"closed","ping_status":"closed","template":"","meta":{"footnotes":""},"class_list":["post-126","page","type-page","status-publish","hentry"],"_links":{"self":[{"href":"https:\/\/catedra.us.es\/catedraschneider\/wp-json\/wp\/v2\/pages\/126","targetHints":{"allow":["GET"]}}],"collection":[{"href":"https:\/\/catedra.us.es\/catedraschneider\/wp-json\/wp\/v2\/pages"}],"about":[{"href":"https:\/\/catedra.us.es\/catedraschneider\/wp-json\/wp\/v2\/types\/page"}],"author":[{"embeddable":true,"href":"https:\/\/catedra.us.es\/catedraschneider\/wp-json\/wp\/v2\/users\/1"}],"replies":[{"embeddable":true,"href":"https:\/\/catedra.us.es\/catedraschneider\/wp-json\/wp\/v2\/comments?post=126"}],"version-history":[{"count":20,"href":"https:\/\/catedra.us.es\/catedraschneider\/wp-json\/wp\/v2\/pages\/126\/revisions"}],"predecessor-version":[{"id":259,"href":"https:\/\/catedra.us.es\/catedraschneider\/wp-json\/wp\/v2\/pages\/126\/revisions\/259"}],"wp:attachment":[{"href":"https:\/\/catedra.us.es\/catedraschneider\/wp-json\/wp\/v2\/media?parent=126"}],"curies":[{"name":"wp","href":"https:\/\/api.w.org\/{rel}","templated":true}]}}