{"id":73,"date":"2025-10-29T14:05:09","date_gmt":"2025-10-29T13:05:09","guid":{"rendered":"https:\/\/catedra.us.es\/catedraschneider\/?page_id=73"},"modified":"2025-11-25T15:06:53","modified_gmt":"2025-11-25T14:06:53","slug":"sobre-la-catedra","status":"publish","type":"page","link":"https:\/\/catedra.us.es\/catedraschneider\/sobre-la-catedra\/","title":{"rendered":"Sobre la C\u00e1tedra"},"content":{"rendered":"\t\t<div data-elementor-type=\"wp-page\" data-elementor-id=\"73\" class=\"elementor elementor-73\" data-elementor-post-type=\"page\">\n\t\t\t\t<div class=\"elementor-element elementor-element-d2bc280 e-flex e-con-boxed elementor-invisible e-con e-parent\" data-id=\"d2bc280\" data-element_type=\"container\" data-settings=\"{&quot;animation&quot;:&quot;fadeInLeft&quot;}\">\n\t\t\t\t\t<div class=\"e-con-inner\">\n\t\t\t\t\t<\/div>\n\t\t\t\t<\/div>\n\t\t<div class=\"elementor-element elementor-element-593b3ffc e-flex e-con-boxed elementor-invisible e-con e-parent\" data-id=\"593b3ffc\" data-element_type=\"container\" data-settings=\"{&quot;animation&quot;:&quot;fadeInUp&quot;}\">\n\t\t\t\t\t<div class=\"e-con-inner\">\n\t\t\t\t<div class=\"elementor-element elementor-element-ea6b88b elementor-widget elementor-widget-heading\" data-id=\"ea6b88b\" data-element_type=\"widget\" data-widget_type=\"heading.default\">\n\t\t\t\t\t<h4 class=\"elementor-heading-title elementor-size-default\">Objetivos:<\/h4>\t\t\t\t<\/div>\n\t\t\t\t<div class=\"elementor-element elementor-element-9e507e5 elementor-widget elementor-widget-text-editor\" data-id=\"9e507e5\" data-element_type=\"widget\" data-widget_type=\"text-editor.default\">\n\t\t\t\t\t\t\t\t\t\n<p>La C\u00e1tedra tendr\u00e1 como objetivo esencial la promoci\u00f3n y el desarrollo de actividades docentes, formativas y de investigaci\u00f3n de car\u00e1cter interdisciplinar, con especial atenci\u00f3n a los \u00e1mbitos de la digitalizaci\u00f3n y la inteligencia artificial aplicada a la industria. En este sentido, se propone fomentar la transferencia de conocimiento entre la universidad, las empresas y las instituciones, contribuyendo al impulso de una transici\u00f3n energ\u00e9tica y sostenible, en consonancia con los retos sociales, tecnol\u00f3gicos y medioambientales de la actualidad.<\/p>\n<p>Asimismo, la C\u00e1tedra se orientar\u00e1 a la generaci\u00f3n de estudios, an\u00e1lisis y proyectos de investigaci\u00f3n que permitan identificar la realidad existente, las problem\u00e1ticas emergentes y las perspectivas de futuro en el desarrollo de nuevas estrategias, metodolog\u00edas y tecnolog\u00edas en este campo, potenciando trabajos acad\u00e9micos solventes relacionados con la transformaci\u00f3n digital de la gesti\u00f3n y automatizaci\u00f3n de la energ\u00eda el\u00e9ctrica, la integraci\u00f3n de energ\u00eda renovables y sostenibles, el estudio de nuevas tecnolog\u00edas y tendencias, la aplicaci\u00f3n de soluciones de Tecnolog\u00edas de la Informaci\u00f3n y de las Comunicaciones (TIC).<\/p>\n<p>De igual manera, se promover\u00e1 la organizaci\u00f3n de jornadas, seminarios, conferencias y programas de formaci\u00f3n especializada, destinados tanto a la comunidad universitaria como al sector empresarial y a la sociedad en general.<\/p>\n<p>Entre sus fines se incluyen, adem\u00e1s, la creaci\u00f3n de redes de colaboraci\u00f3n nacionales e internacionales, el fomento de publicaciones cient\u00edficas y t\u00e9cnicas, y el apoyo a la innovaci\u00f3n y el emprendimiento en el \u00e1mbito de la digitalizaci\u00f3n y la inteligencia artificial industrial. De este modo, la C\u00e1tedra se configura como un espacio de referencia para el di\u00e1logo interdisciplinar, la innovaci\u00f3n responsable y la construcci\u00f3n de soluciones orientadas al desarrollo sostenible y competitivo del tejido productivo.<\/p>\n<p>Igualmente fomentar\u00e1 en los j\u00f3venes universitarios una cultura empresarial a trav\u00e9s de la formaci\u00f3n de distintos aspectos relativos a la organizaci\u00f3n, a la cultura y a los valores dentro de la empresa, desde todos los puntos de vista que se estimen relevantes, ocup\u00e1ndose de desarrollar los programas formativos y las tareas de investigaci\u00f3n que contribuyan a mejorarla formaci\u00f3n de estas materias entre los estudiantes de la Universidad de Sevilla.<\/p>\n\t\t\t\t\t\t\t\t<\/div>\n\t\t\t\t\t<\/div>\n\t\t\t\t<\/div>\n\t\t<div class=\"elementor-element elementor-element-49fe89b e-flex e-con-boxed elementor-invisible e-con e-parent\" data-id=\"49fe89b\" data-element_type=\"container\" data-settings=\"{&quot;animation&quot;:&quot;fadeInUp&quot;}\">\n\t\t\t\t\t<div class=\"e-con-inner\">\n\t\t\t\t<div class=\"elementor-element elementor-element-48e0dbb elementor-widget elementor-widget-heading\" data-id=\"48e0dbb\" data-element_type=\"widget\" data-widget_type=\"heading.default\">\n\t\t\t\t\t<h4 class=\"elementor-heading-title elementor-size-default\">L\u00edneas de actuaci\u00f3n: <\/h4>\t\t\t\t<\/div>\n\t\t\t\t<div class=\"elementor-element elementor-element-cd4f2d9 elementor-widget elementor-widget-text-editor\" data-id=\"cd4f2d9\" data-element_type=\"widget\" data-widget_type=\"text-editor.default\">\n\t\t\t\t\t\t\t\t\t<p><\/p>\n<p>Las l\u00edneas de actuaci\u00f3n de la C\u00e1tedra se orientar\u00e1n a conseguir los fines anteriormente descritos para ello se fomentar\u00e1:<\/p>\n<ul>\n<li>La colaboraci\u00f3n con profesionales de la Universidad de Sevilla que aporten su experiencia para mejorar las actividades de esta C\u00e1tedra<\/li>\n<li>La realizaci\u00f3n de cursos de postgrado y de especializaci\u00f3n para alumnos y profesionales.<\/li>\n<li>El desarrollo conjunto de actividades promocionales, divulgativas, de estudio, formativas y de investigaci\u00f3n dentro de los programas espec\u00edficos de ambas instituciones que pudieran encuadrarse entre los fines perseguidos por la C\u00e1tedra.<\/li>\n<li>La organizaci\u00f3n de foros de encuentro entre acad\u00e9micos, empresarios, estudiantes y\/o cualesquiera otras personas o entidades directa o indirectamente relacionadas con la tem\u00e1tica de trabajo objeto del presente Convenio de Colaboraci\u00f3n.<\/li>\n<\/ul>\n<div>\u00a0<\/div>\n<p>La financiaci\u00f3n de TFM\/TFG y entrega de premios de TFG\/TFM relacionados con la tem\u00e1tica de la C\u00e1tedra.<\/p>\n<p><\/p>\t\t\t\t\t\t\t\t<\/div>\n\t\t\t\t\t<\/div>\n\t\t\t\t<\/div>\n\t\t<div class=\"elementor-element elementor-element-7fa128a e-flex e-con-boxed elementor-invisible e-con e-parent\" data-id=\"7fa128a\" data-element_type=\"container\" data-settings=\"{&quot;animation&quot;:&quot;fadeInUp&quot;}\">\n\t\t\t\t\t<div class=\"e-con-inner\">\n\t\t\t\t<div class=\"elementor-element elementor-element-d5ee9ce elementor-widget elementor-widget-text-editor\" data-id=\"d5ee9ce\" data-element_type=\"widget\" data-widget_type=\"text-editor.default\">\n\t\t\t\t\t\t\t\t\t<div>\n<h5 class=\"m_-2211293333887969442elementtoproof\"><b>Director de C\u00e1tedra: <\/b><em>Profesor Catedr\u00e1tico de Universidad Dr. Jes\u00fas Manuel Riquelme Santos<\/em><u><\/u><u><\/u><\/h5>\n<\/div>\n<h5 class=\"m_-2211293333887969442elementtoproof\"><b>Secretario:<\/b><em> Profesor Titular de Universidad Dr. Juan Manuel Rold\u00e1n Fern\u00e1ndez<\/em><u><\/u><u><\/u><\/h5>\n<div>\n<h5 class=\"m_-2211293333887969442elementtoproof\"><b>R<\/b><b>epresentantes Schneider Electric \u2013 Comisi\u00f3n C\u00e1tedra: <\/b><em>Jes\u00fas Jimenez, Hub Leader de Iberia y Pilar Galan, Human Resources Business Partner<\/em><u><\/u><u><\/u><\/h5>\n<h5 class=\"m_-2211293333887969442elementtoproof\"><b>Representante Schneider Electric \u2013 Gesti\u00f3n C\u00e1tedra:<\/b><em> Fabiana Fnocchiaro, Employer Branding Leader de Iberia<\/em><\/h5>\n<\/div>\t\t\t\t\t\t\t\t<\/div>\n\t\t\t\t\t<\/div>\n\t\t\t\t<\/div>\n\t\t<div class=\"elementor-element elementor-element-2e326fe e-flex e-con-boxed elementor-invisible e-con e-parent\" data-id=\"2e326fe\" data-element_type=\"container\" data-settings=\"{&quot;animation&quot;:&quot;fadeInUp&quot;}\">\n\t\t\t\t\t<div class=\"e-con-inner\">\n\t\t\t\t<div class=\"elementor-element elementor-element-f2dc5c1 elementor-widget elementor-widget-image\" data-id=\"f2dc5c1\" data-element_type=\"widget\" data-widget_type=\"image.default\">\n\t\t\t\t\t\t\t\t\t\t\t\t\t\t\t<img fetchpriority=\"high\" decoding=\"async\" width=\"700\" height=\"193\" src=\"https:\/\/catedra.us.es\/catedraschneider\/wp-content\/uploads\/2025\/10\/schneider_lio_life_green_rgb.png\" class=\"attachment-large size-large wp-image-36\" alt=\"\" srcset=\"https:\/\/catedra.us.es\/catedraschneider\/wp-content\/uploads\/2025\/10\/schneider_lio_life_green_rgb.png 700w, https:\/\/catedra.us.es\/catedraschneider\/wp-content\/uploads\/2025\/10\/schneider_lio_life_green_rgb-300x83.png 300w\" sizes=\"(max-width: 700px) 100vw, 700px\" \/>\t\t\t\t\t\t\t\t\t\t\t\t\t\t\t<\/div>\n\t\t\t\t\t<\/div>\n\t\t\t\t<\/div>\n\t\t\t\t<\/div>\n\t\t","protected":false},"excerpt":{"rendered":"<p>Objetivos: La C\u00e1tedra tendr\u00e1 como objetivo esencial la promoci\u00f3n y el desarrollo de actividades docentes, formativas y de investigaci\u00f3n de car\u00e1cter interdisciplinar, con especial atenci\u00f3n a los \u00e1mbitos de la digitalizaci\u00f3n y la inteligencia artificial aplicada a la industria. En este sentido, se propone fomentar la transferencia de conocimiento entre la universidad, las empresas y [&hellip;]<\/p>\n","protected":false},"author":1,"featured_media":0,"parent":0,"menu_order":3,"comment_status":"closed","ping_status":"closed","template":"","meta":{"footnotes":""},"class_list":["post-73","page","type-page","status-publish","hentry"],"_links":{"self":[{"href":"https:\/\/catedra.us.es\/catedraschneider\/wp-json\/wp\/v2\/pages\/73","targetHints":{"allow":["GET"]}}],"collection":[{"href":"https:\/\/catedra.us.es\/catedraschneider\/wp-json\/wp\/v2\/pages"}],"about":[{"href":"https:\/\/catedra.us.es\/catedraschneider\/wp-json\/wp\/v2\/types\/page"}],"author":[{"embeddable":true,"href":"https:\/\/catedra.us.es\/catedraschneider\/wp-json\/wp\/v2\/users\/1"}],"replies":[{"embeddable":true,"href":"https:\/\/catedra.us.es\/catedraschneider\/wp-json\/wp\/v2\/comments?post=73"}],"version-history":[{"count":13,"href":"https:\/\/catedra.us.es\/catedraschneider\/wp-json\/wp\/v2\/pages\/73\/revisions"}],"predecessor-version":[{"id":212,"href":"https:\/\/catedra.us.es\/catedraschneider\/wp-json\/wp\/v2\/pages\/73\/revisions\/212"}],"wp:attachment":[{"href":"https:\/\/catedra.us.es\/catedraschneider\/wp-json\/wp\/v2\/media?parent=73"}],"curies":[{"name":"wp","href":"https:\/\/api.w.org\/{rel}","templated":true}]}}